Last updated on 2022-06-26 11:52:32 CEST.
Flavor | Version | Tinstall | Tcheck | Ttotal | Status | Flags |
---|---|---|---|---|---|---|
r-devel-linux-x86_64-debian-clang | 1.0.2 | 19.16 | 119.91 | 139.07 | NOTE | |
r-devel-linux-x86_64-debian-gcc | 1.0.2 | 12.88 | 88.80 | 101.68 | NOTE | |
r-devel-linux-x86_64-fedora-clang | 1.0.2 | 170.83 | NOTE | |||
r-devel-linux-x86_64-fedora-gcc | 1.0.2 | 172.97 | NOTE | |||
r-devel-windows-x86_64 | 1.0.2 | 67.00 | 169.00 | 236.00 | NOTE | |
r-patched-linux-x86_64 | 1.0.2 | 16.07 | 117.48 | 133.55 | NOTE | |
r-release-linux-x86_64 | 1.0.2 | 15.06 | 116.58 | 131.64 | NOTE | |
r-release-macos-arm64 | 1.0.2 | 55.00 | NOTE | |||
r-release-macos-x86_64 | 1.0.2 | 69.00 | NOTE | |||
r-release-windows-x86_64 | 1.0.2 | 78.00 | 167.00 | 245.00 | NOTE | |
r-oldrel-macos-arm64 | 1.0.2 | 64.00 | NOTE | |||
r-oldrel-macos-x86_64 | 1.0.2 | 92.00 | NOTE | |||
r-oldrel-windows-ix86+x86_64 | 1.0.2 | 40.00 | 255.00 | 295.00 | NOTE |
Version: 1.0.2
Check: LazyData
Result: NOTE
'LazyData' is specified without a 'data' directory
Flavors: r-devel-linux-x86_64-debian-clang, r-devel-linux-x86_64-debian-gcc, r-devel-linux-x86_64-fedora-clang, r-devel-linux-x86_64-fedora-gcc, r-devel-windows-x86_64, r-patched-linux-x86_64, r-release-linux-x86_64, r-release-macos-arm64, r-release-macos-x86_64, r-release-windows-x86_64, r-oldrel-macos-arm64, r-oldrel-macos-x86_64, r-oldrel-windows-ix86+x86_64