Last updated on 2025-02-01 12:48:26 CET.
Flavor | Version | Tinstall | Tcheck | Ttotal | Status | Flags |
---|---|---|---|---|---|---|
r-devel-linux-x86_64-debian-clang | 0.8.0 | 4.81 | 42.47 | 47.28 | NOTE | |
r-devel-linux-x86_64-debian-gcc | 0.8.0 | 3.81 | 32.79 | 36.60 | NOTE | |
r-devel-linux-x86_64-fedora-clang | 0.8.0 | 78.25 | NOTE | |||
r-devel-linux-x86_64-fedora-gcc | 0.8.0 | 75.42 | NOTE | |||
r-devel-windows-x86_64 | 0.8.0 | 7.00 | 69.00 | 76.00 | NOTE | |
r-patched-linux-x86_64 | 0.8.0 | 5.39 | 39.73 | 45.12 | OK | |
r-release-linux-x86_64 | 0.8.0 | 4.79 | 40.11 | 44.90 | OK | |
r-release-macos-arm64 | 0.8.0 | 29.00 | OK | |||
r-release-macos-x86_64 | 0.8.0 | 45.00 | OK | |||
r-release-windows-x86_64 | 0.8.0 | 7.00 | 71.00 | 78.00 | OK | |
r-oldrel-macos-arm64 | 0.8.0 | 28.00 | OK | |||
r-oldrel-macos-x86_64 | 0.8.0 | 42.00 | OK | |||
r-oldrel-windows-x86_64 | 0.8.0 | 8.00 | 76.00 | 84.00 | OK |
Version: 0.8.0
Check: DESCRIPTION meta-information
Result: NOTE
Missing dependency on R >= 4.1.0 because package code uses the pipe
|> or function shorthand \(...) syntax added in R 4.1.0.
File(s) using such syntax:
‘ridge.R’
Flavors: r-devel-linux-x86_64-debian-clang, r-devel-linux-x86_64-debian-gcc, r-devel-linux-x86_64-fedora-clang, r-devel-linux-x86_64-fedora-gcc, r-devel-windows-x86_64