CRAN Package Check Results for Package genomic.autocorr

Last updated on 2022-07-06 12:53:36 CEST.

Flavor Version Tinstall Tcheck Ttotal Status Flags
r-devel-linux-x86_64-debian-clang 1.0-1 2.85 56.23 59.08 NOTE
r-devel-linux-x86_64-debian-gcc 1.0-1 2.11 40.67 42.78 NOTE
r-devel-linux-x86_64-fedora-clang 1.0-1 77.43 NOTE
r-devel-linux-x86_64-fedora-gcc 1.0-1 78.17 NOTE
r-devel-windows-x86_64 1.0-1 5.00 80.00 85.00 NOTE
r-patched-linux-x86_64 1.0-1 2.14 52.16 54.30 NOTE
r-release-linux-x86_64 1.0-1 1.94 52.49 54.43 NOTE
r-release-macos-arm64 1.0-1 20.00 NOTE
r-release-macos-x86_64 1.0-1 31.00 NOTE
r-release-windows-x86_64 1.0-1 19.00 84.00 103.00 NOTE
r-oldrel-macos-arm64 1.0-1 26.00 NOTE
r-oldrel-macos-x86_64 1.0-1 48.00 NOTE
r-oldrel-windows-ix86+x86_64 1.0-1 8.00 75.00 83.00 NOTE

Check Details

Version: 1.0-1
Check: LazyData
Result: NOTE
     'LazyData' is specified without a 'data' directory
Flavors: r-devel-linux-x86_64-debian-clang, r-devel-linux-x86_64-debian-gcc, r-devel-linux-x86_64-fedora-clang, r-devel-linux-x86_64-fedora-gcc, r-devel-windows-x86_64, r-patched-linux-x86_64, r-release-linux-x86_64, r-release-macos-arm64, r-release-macos-x86_64, r-release-windows-x86_64, r-oldrel-macos-arm64, r-oldrel-macos-x86_64, r-oldrel-windows-ix86+x86_64