Last updated on 2024-03-28 09:51:43 CET.
Flavor | Version | Tinstall | Tcheck | Ttotal | Status | Flags |
---|---|---|---|---|---|---|
r-devel-linux-x86_64-debian-clang | 1.0.5 | 74.39 | 30.77 | 105.16 | NOTE | |
r-devel-linux-x86_64-debian-gcc | 1.0.5 | 59.30 | 25.32 | 84.62 | NOTE | |
r-devel-linux-x86_64-fedora-clang | 1.0.5 | 177.84 | NOTE | |||
r-devel-linux-x86_64-fedora-gcc | 1.0.5 | 158.23 | NOTE | |||
r-devel-windows-x86_64 | 1.0.5 | 56.00 | 75.00 | 131.00 | NOTE | |
r-patched-linux-x86_64 | 1.0.5 | 71.83 | 30.83 | 102.66 | NOTE | |
r-release-linux-x86_64 | 1.0.5 | 78.08 | 30.27 | 108.35 | NOTE | |
r-release-macos-arm64 | 1.0.5 | 44.00 | NOTE | |||
r-release-macos-x86_64 | 1.0.5 | 67.00 | NOTE | |||
r-release-windows-x86_64 | 1.0.5 | 55.00 | 81.00 | 136.00 | NOTE | |
r-oldrel-macos-arm64 | 1.0.5 | 48.00 | OK | |||
r-oldrel-windows-x86_64 | 1.0.5 | 78.00 | 78.00 | 156.00 | OK |
Version: 1.0.5
Check: C++ specification
Result: NOTE
Specified C++11: please drop specification unless essential
Flavors: r-devel-linux-x86_64-debian-clang, r-devel-linux-x86_64-debian-gcc, r-devel-linux-x86_64-fedora-clang, r-devel-linux-x86_64-fedora-gcc, r-devel-windows-x86_64, r-patched-linux-x86_64, r-release-linux-x86_64, r-release-macos-arm64, r-release-macos-x86_64, r-release-windows-x86_64