Last updated on 2024-04-17 10:41:37 CEST.
Flavor | Version | Tinstall | Tcheck | Ttotal | Status | Flags |
---|---|---|---|---|---|---|
r-devel-linux-x86_64-debian-clang | 0.4.0 | 18.42 | 195.81 | 214.23 | OK | |
r-devel-linux-x86_64-debian-gcc | 0.4.0 | 16.10 | 141.49 | 157.59 | OK | |
r-devel-linux-x86_64-fedora-clang | 0.4.0 | 267.20 | NOTE | |||
r-devel-linux-x86_64-fedora-gcc | 0.4.0 | 265.16 | NOTE | |||
r-prerel-macos-arm64 | 0.4.0 | 72.00 | OK | |||
r-prerel-macos-x86_64 | 0.4.0 | 140.00 | OK | |||
r-prerel-windows-x86_64 | 0.4.0 | 19.00 | 137.00 | 156.00 | OK | |
r-patched-linux-x86_64 | 0.4.0 | 16.89 | 179.74 | 196.63 | OK | |
r-release-linux-x86_64 | 0.4.0 | 13.85 | 187.44 | 201.29 | OK | |
r-release-macos-arm64 | 0.4.0 | 78.00 | OK | |||
r-release-macos-x86_64 | 0.4.0 | 129.00 | OK | |||
r-release-windows-x86_64 | 0.4.0 | 24.00 | 176.00 | 200.00 | OK | |
r-oldrel-macos-arm64 | 0.4.0 | 37.00 | NOTE | |||
r-oldrel-windows-x86_64 | 0.4.0 | 23.00 | 180.00 | 203.00 | OK |
Version: 0.4.0
Check: dependencies in R code
Result: NOTE
Namespaces in Imports field not imported from:
‘GGEBiplots’ ‘calibrate’ ‘graphics’ ‘matrixStats’ ‘prettydoc’
‘reshape2’
All declared Imports should be used.
Flavors: r-devel-linux-x86_64-fedora-clang, r-devel-linux-x86_64-fedora-gcc, r-oldrel-macos-arm64