CRAN Package Check Results for Package generator

Last updated on 2022-07-05 11:49:54 CEST.

Flavor Version Tinstall Tcheck Ttotal Status Flags
r-devel-linux-x86_64-debian-clang 0.1.0 1.37 23.15 24.52 NOTE
r-devel-linux-x86_64-debian-gcc 0.1.0 1.59 18.19 19.78 NOTE
r-devel-linux-x86_64-fedora-clang 0.1.0 41.66 NOTE
r-devel-linux-x86_64-fedora-gcc 0.1.0 40.72 NOTE
r-devel-windows-x86_64 0.1.0 21.00 49.00 70.00 NOTE
r-patched-linux-x86_64 0.1.0 1.80 22.62 24.42 NOTE
r-release-linux-x86_64 0.1.0 1.88 22.86 24.74 NOTE
r-release-macos-arm64 0.1.0 15.00 NOTE
r-release-macos-x86_64 0.1.0 21.00 NOTE
r-release-windows-x86_64 0.1.0 24.00 49.00 73.00 NOTE
r-oldrel-macos-arm64 0.1.0 16.00 NOTE
r-oldrel-macos-x86_64 0.1.0 27.00 NOTE
r-oldrel-windows-ix86+x86_64 0.1.0 5.00 40.00 45.00 NOTE

Check Details

Version: 0.1.0
Check: LazyData
Result: NOTE
     'LazyData' is specified without a 'data' directory
Flavors: r-devel-linux-x86_64-debian-clang, r-devel-linux-x86_64-debian-gcc, r-devel-linux-x86_64-fedora-clang, r-devel-linux-x86_64-fedora-gcc, r-devel-windows-x86_64, r-patched-linux-x86_64, r-release-linux-x86_64, r-release-macos-arm64, r-release-macos-x86_64, r-release-windows-x86_64, r-oldrel-macos-arm64, r-oldrel-macos-x86_64, r-oldrel-windows-ix86+x86_64