Last updated on 2024-04-24 11:20:51 CEST.
Flavor | Version | Tinstall | Tcheck | Ttotal | Status | Flags |
---|---|---|---|---|---|---|
r-devel-linux-x86_64-debian-clang | 1.2.2 | 157.86 | 45.82 | 203.68 | NOTE | |
r-devel-linux-x86_64-debian-gcc | 1.2.2 | 119.25 | 32.73 | 151.98 | NOTE | |
r-devel-linux-x86_64-fedora-clang | 1.2.2 | 298.19 | NOTE | |||
r-devel-linux-x86_64-fedora-gcc | 1.2.2 | 282.70 | NOTE | |||
r-devel-windows-x86_64 | 1.2.2 | 117.00 | 84.00 | 201.00 | NOTE | |
r-patched-linux-x86_64 | 1.2.2 | 140.77 | 41.15 | 181.92 | NOTE | |
r-release-linux-x86_64 | 1.2.2 | 142.42 | 40.67 | 183.09 | NOTE | |
r-release-macos-arm64 | 1.2.2 | 75.00 | NOTE | |||
r-release-windows-x86_64 | 1.2.2 | 117.00 | 84.00 | 201.00 | NOTE | |
r-oldrel-macos-arm64 | 1.2.2 | 67.00 | NOTE | |||
r-oldrel-macos-x86_64 | 1.2.2 | 120.00 | NOTE | |||
r-oldrel-windows-x86_64 | 1.2.2 | 140.00 | 90.00 | 230.00 | OK |
Version: 1.2.2
Check: C++ specification
Result: NOTE
Specified C++11: please drop specification unless essential
Flavors: r-devel-linux-x86_64-debian-clang, r-devel-linux-x86_64-debian-gcc, r-devel-linux-x86_64-fedora-clang, r-devel-linux-x86_64-fedora-gcc, r-devel-windows-x86_64, r-patched-linux-x86_64, r-release-linux-x86_64, r-release-macos-arm64, r-release-windows-x86_64, r-oldrel-macos-x86_64
Version: 1.2.2
Check: installed package size
Result: NOTE
installed size is 12.1Mb
sub-directories of 1Mb or more:
doc 1.5Mb
libs 9.7Mb
Flavors: r-release-macos-arm64, r-oldrel-macos-arm64, r-oldrel-macos-x86_64