Last updated on 2025-04-29 12:52:37 CEST.
Flavor | Version | Tinstall | Tcheck | Ttotal | Status | Flags |
---|---|---|---|---|---|---|
r-devel-linux-x86_64-debian-clang | 1.2.0 | 1.68 | 17.05 | 18.73 | NOTE | |
r-devel-linux-x86_64-debian-gcc | 1.2.0 | 1.29 | 14.32 | 15.61 | NOTE | |
r-devel-linux-x86_64-fedora-clang | 1.2.0 | 29.00 | OK | |||
r-devel-linux-x86_64-fedora-gcc | 1.2.0 | 28.68 | OK | |||
r-devel-windows-x86_64 | 1.2.0 | 2.00 | 35.00 | 37.00 | OK | |
r-patched-linux-x86_64 | 1.2.0 | 1.48 | 16.53 | 18.01 | OK | |
r-release-linux-x86_64 | 1.2.0 | 1.52 | 16.68 | 18.20 | OK | |
r-release-macos-arm64 | 1.2.0 | 15.00 | OK | |||
r-release-macos-x86_64 | 1.2.0 | 22.00 | OK | |||
r-release-windows-x86_64 | 1.2.0 | 3.00 | 39.00 | 42.00 | OK | |
r-oldrel-macos-arm64 | 1.2.0 | 13.00 | OK | |||
r-oldrel-macos-x86_64 | 1.2.0 | 20.00 | OK | |||
r-oldrel-windows-x86_64 | 1.2.0 | 2.00 | 34.00 | 36.00 | OK |
Version: 1.2.0
Check: CRAN incoming feasibility
Result: NOTE
Maintainer: ‘Francis Huang <flh3@hotmail.com>’
No Authors@R field in DESCRIPTION.
Please add one, modifying
Authors@R: person(given = "Francis",
family = "Huang",
role = c("aut", "cre"),
email = "flh3@hotmail.com")
as necessary.
Flavors: r-devel-linux-x86_64-debian-clang, r-devel-linux-x86_64-debian-gcc