CRAN Package Check Results for Package genTS

Last updated on 2022-07-06 12:53:36 CEST.

Flavor Version Tinstall Tcheck Ttotal Status Flags
r-devel-linux-x86_64-debian-clang 0.1.3 2.07 22.03 24.10 NOTE
r-devel-linux-x86_64-debian-gcc 0.1.3 1.75 17.11 18.86 NOTE
r-devel-linux-x86_64-fedora-clang 0.1.3 40.11 NOTE
r-devel-linux-x86_64-fedora-gcc 0.1.3 38.62 NOTE
r-devel-windows-x86_64 0.1.3 11.00 48.00 59.00 NOTE
r-patched-linux-x86_64 0.1.3 2.01 21.00 23.01 NOTE
r-release-linux-x86_64 0.1.3 1.91 21.59 23.50 NOTE
r-release-macos-arm64 0.1.3 14.00 NOTE
r-release-macos-x86_64 0.1.3 23.00 NOTE
r-release-windows-x86_64 0.1.3 10.00 46.00 56.00 NOTE
r-oldrel-macos-arm64 0.1.3 17.00 NOTE
r-oldrel-macos-x86_64 0.1.3 26.00 NOTE
r-oldrel-windows-ix86+x86_64 0.1.3 6.00 40.00 46.00 NOTE

Check Details

Version: 0.1.3
Check: LazyData
Result: NOTE
     'LazyData' is specified without a 'data' directory
Flavors: r-devel-linux-x86_64-debian-clang, r-devel-linux-x86_64-debian-gcc, r-devel-linux-x86_64-fedora-clang, r-devel-linux-x86_64-fedora-gcc, r-devel-windows-x86_64, r-patched-linux-x86_64, r-release-linux-x86_64, r-release-macos-arm64, r-release-macos-x86_64, r-release-windows-x86_64, r-oldrel-macos-arm64, r-oldrel-macos-x86_64, r-oldrel-windows-ix86+x86_64