CRAN Package Check Results for Package gemma2

Last updated on 2022-06-25 10:53:03 CEST.

Flavor Version Tinstall Tcheck Ttotal Status Flags
r-devel-linux-x86_64-debian-clang 0.1.3 1.89 485.99 487.88 NOTE
r-devel-linux-x86_64-debian-gcc 0.1.3 1.80 311.44 313.24 NOTE
r-devel-linux-x86_64-fedora-clang 0.1.3 524.48 NOTE
r-devel-linux-x86_64-fedora-gcc 0.1.3 549.86 NOTE
r-devel-windows-x86_64 0.1.3 20.00 458.00 478.00 NOTE
r-patched-linux-x86_64 0.1.3 3.33 453.49 456.82 NOTE
r-release-linux-x86_64 0.1.3 2.96 446.74 449.70 NOTE
r-release-macos-arm64 0.1.3 106.00 NOTE
r-release-macos-x86_64 0.1.3 142.00 NOTE
r-release-windows-x86_64 0.1.3 16.00 443.00 459.00 NOTE
r-oldrel-macos-arm64 0.1.3 121.00 NOTE
r-oldrel-macos-x86_64 0.1.3 208.00 NOTE
r-oldrel-windows-ix86+x86_64 0.1.3 8.00 528.00 536.00 NOTE

Check Details

Version: 0.1.3
Check: LazyData
Result: NOTE
     'LazyData' is specified without a 'data' directory
Flavors: r-devel-linux-x86_64-debian-clang, r-devel-linux-x86_64-debian-gcc, r-devel-linux-x86_64-fedora-clang, r-devel-linux-x86_64-fedora-gcc, r-devel-windows-x86_64, r-patched-linux-x86_64, r-release-linux-x86_64, r-release-macos-arm64, r-release-macos-x86_64, r-release-windows-x86_64, r-oldrel-macos-arm64, r-oldrel-macos-x86_64, r-oldrel-windows-ix86+x86_64

Version: 0.1.3
Check: dependencies in R code
Result: NOTE
    Namespace in Imports field not imported from: ‘methods’
     All declared Imports should be used.
Flavors: r-devel-linux-x86_64-fedora-clang, r-devel-linux-x86_64-fedora-gcc, r-release-macos-arm64, r-release-macos-x86_64, r-oldrel-macos-arm64, r-oldrel-macos-x86_64