Last updated on 2022-06-28 12:52:24 CEST.
Flavor | Version | Tinstall | Tcheck | Ttotal | Status | Flags |
---|---|---|---|---|---|---|
r-devel-linux-x86_64-debian-clang | 1.5.0-3 | 50.62 | 333.56 | 384.18 | OK | |
r-devel-linux-x86_64-debian-gcc | 1.5.0-3 | 39.33 | 243.55 | 282.88 | OK | |
r-devel-linux-x86_64-fedora-clang | 1.5.0-3 | 448.63 | OK | |||
r-devel-linux-x86_64-fedora-gcc | 1.5.0-3 | 452.13 | OK | |||
r-devel-windows-x86_64 | 1.5.0-3 | 58.00 | 327.00 | 385.00 | NOTE | |
r-patched-linux-x86_64 | 1.5.0-3 | 45.26 | 319.98 | 365.24 | OK | |
r-release-linux-x86_64 | 1.5.0-3 | 40.29 | 315.66 | 355.95 | OK | |
r-release-macos-arm64 | 1.5.0-3 | 87.00 | OK | |||
r-release-macos-x86_64 | 1.5.0-3 | 138.00 | OK | |||
r-release-windows-x86_64 | 1.5.0-3 | 60.00 | 321.00 | 381.00 | NOTE | |
r-oldrel-macos-arm64 | 1.5.0-3 | 85.00 | OK | |||
r-oldrel-macos-x86_64 | 1.5.0-3 | 126.00 | OK | |||
r-oldrel-windows-ix86+x86_64 | 1.5.0-3 | 120.00 | 462.00 | 582.00 | NOTE |
Version: 1.5.0-3
Check: installed package size
Result: NOTE
installed size is 5.0Mb
sub-directories of 1Mb or more:
extdata 3.0Mb
Flavors: r-devel-windows-x86_64, r-release-windows-x86_64, r-oldrel-windows-ix86+x86_64