CRAN Package Check Results for Package gcKrig

Last updated on 2022-07-03 11:53:38 CEST.

Flavor Version Tinstall Tcheck Ttotal Status Flags
r-devel-linux-x86_64-debian-clang 1.1.7 50.88 55.32 106.20 NOTE
r-devel-linux-x86_64-debian-gcc 1.1.7 44.34 42.71 87.05 NOTE
r-devel-linux-x86_64-fedora-clang 1.1.8 158.54 NOTE
r-devel-linux-x86_64-fedora-gcc 1.1.7 145.65 NOTE
r-devel-windows-x86_64 1.1.7 56.00 94.00 150.00 OK
r-patched-linux-x86_64 1.1.7 49.22 51.95 101.17 NOTE
r-release-linux-x86_64 1.1.7 43.43 52.38 95.81 NOTE
r-release-macos-arm64 1.1.7 38.00 OK
r-release-macos-x86_64 1.1.7 49.00 OK
r-release-windows-x86_64 1.1.8 120.00 98.00 218.00 OK
r-oldrel-macos-arm64 1.1.7 51.00 OK
r-oldrel-macos-x86_64 1.1.7 60.00 OK
r-oldrel-windows-ix86+x86_64 1.1.7 127.00 95.00 222.00 OK

Check Details

Version: 1.1.7
Check: package dependencies
Result: NOTE
    Package suggested but not available for checking: 'gcmr'
Flavors: r-devel-linux-x86_64-debian-clang, r-devel-linux-x86_64-debian-gcc, r-devel-linux-x86_64-fedora-gcc, r-patched-linux-x86_64, r-release-linux-x86_64

Version: 1.1.7
Check: Rd cross-references
Result: NOTE
    Unknown package 'gcmr' in Rd xrefs
Flavors: r-devel-linux-x86_64-debian-clang, r-devel-linux-x86_64-debian-gcc, r-devel-linux-x86_64-fedora-gcc, r-patched-linux-x86_64, r-release-linux-x86_64

Version: 1.1.8
Check: Rd cross-references
Result: NOTE
    Undeclared package ‘gcmr’ in Rd xrefs
    Unknown package ‘gcmr’ in Rd xrefs
Flavor: r-devel-linux-x86_64-fedora-clang