Last updated on 2024-03-29 09:55:24 CET.
Flavor | Version | Tinstall | Tcheck | Ttotal | Status | Flags |
---|---|---|---|---|---|---|
r-devel-linux-x86_64-debian-clang | 2023.08.31 | 54.68 | 423.71 | 478.39 | NOTE | |
r-devel-linux-x86_64-debian-gcc | 2023.08.31 | 37.65 | 298.90 | 336.55 | NOTE | |
r-devel-linux-x86_64-fedora-clang | 2023.08.31 | 597.89 | NOTE | |||
r-devel-linux-x86_64-fedora-gcc | 2023.08.31 | 603.76 | NOTE | |||
r-devel-windows-x86_64 | 2023.08.31 | 40.00 | 247.00 | 287.00 | NOTE | |
r-patched-linux-x86_64 | 2023.08.31 | 44.29 | 397.39 | 441.68 | NOTE | |
r-release-linux-x86_64 | 2023.08.31 | 35.13 | 393.20 | 428.33 | OK | |
r-release-macos-arm64 | 2023.08.31 | 133.00 | OK | |||
r-release-macos-x86_64 | 2023.08.31 | 281.00 | OK | |||
r-release-windows-x86_64 | 2023.08.31 | 56.00 | 336.00 | 392.00 | OK | |
r-oldrel-macos-arm64 | 2023.08.31 | 121.00 | OK | |||
r-oldrel-windows-x86_64 | 2023.08.31 | 55.00 | 329.00 | 384.00 | OK |
Version: 2023.08.31
Check: Rd files
Result: NOTE
checkRd: (-1) gbm.auto.Rd:208: Lost braces; missing escapes or markup?
208 | \item Error in if (n.trees > x$n.trees) { : argument is of length zero}. LR or BF probably too low
| ^
Flavors: r-devel-linux-x86_64-debian-clang, r-devel-linux-x86_64-debian-gcc, r-devel-linux-x86_64-fedora-clang, r-devel-linux-x86_64-fedora-gcc, r-devel-windows-x86_64, r-patched-linux-x86_64