Last updated on 2024-04-25 07:59:52 CEST.
Flavor | Version | Tinstall | Tcheck | Ttotal | Status | Flags |
---|---|---|---|---|---|---|
r-devel-linux-x86_64-debian-clang | 0.4-11 | 2.39 | 24.36 | 26.75 | NOTE | |
r-devel-linux-x86_64-debian-gcc | 0.4-11 | 1.67 | 18.79 | 20.46 | NOTE | |
r-devel-linux-x86_64-fedora-clang | 0.4-11 | 33.39 | NOTE | |||
r-devel-linux-x86_64-fedora-gcc | 0.4-11 | 32.28 | NOTE | |||
r-devel-windows-x86_64 | 0.4-11 | 4.00 | 46.00 | 50.00 | NOTE | |
r-patched-linux-x86_64 | 0.4-11 | 2.48 | 22.82 | 25.30 | NOTE | |
r-release-linux-x86_64 | 0.4-11 | 1.61 | 23.42 | 25.03 | NOTE | |
r-release-macos-arm64 | 0.4-11 | 15.00 | NOTE | |||
r-release-windows-x86_64 | 0.4-11 | 3.00 | 46.00 | 49.00 | NOTE | |
r-oldrel-macos-arm64 | 0.4-11 | 18.00 | NOTE | |||
r-oldrel-macos-x86_64 | 0.4-11 | 20.00 | NOTE | |||
r-oldrel-windows-x86_64 | 0.4-11 | 2.00 | 44.00 | 46.00 | NOTE |
Version: 0.4-11
Check: dependencies in R code
Result: NOTE
Package in Depends field not imported from: ‘tools’
These packages need to be imported from (in the NAMESPACE file)
for when this namespace is loaded but not attached.
Unexported objects imported by ':::' calls:
‘tools:::.Rd_get_argument_names’ ‘tools:::RdTags’ ‘tools:::fetchRdDB’
See the note in ?`:::` about the use of this operator.
Flavors: r-devel-linux-x86_64-debian-clang, r-devel-linux-x86_64-debian-gcc, r-devel-linux-x86_64-fedora-clang, r-devel-linux-x86_64-fedora-gcc, r-devel-windows-x86_64, r-patched-linux-x86_64, r-release-linux-x86_64, r-release-macos-arm64, r-release-windows-x86_64, r-oldrel-macos-arm64, r-oldrel-macos-x86_64, r-oldrel-windows-x86_64