Last updated on 2025-04-29 12:52:36 CEST.
Flavor | Version | Tinstall | Tcheck | Ttotal | Status | Flags |
---|---|---|---|---|---|---|
r-devel-linux-x86_64-debian-clang | 0.0.2 | 1.46 | 16.18 | 17.64 | NOTE | |
r-devel-linux-x86_64-debian-gcc | 0.0.2 | 1.33 | 13.57 | 14.90 | NOTE | |
r-devel-linux-x86_64-fedora-clang | 0.0.2 | 28.25 | OK | |||
r-devel-linux-x86_64-fedora-gcc | 0.0.2 | 25.81 | OK | |||
r-devel-windows-x86_64 | 0.0.2 | 3.00 | 34.00 | 37.00 | OK | |
r-patched-linux-x86_64 | 0.0.2 | 1.62 | 15.34 | 16.96 | OK | |
r-release-linux-x86_64 | 0.0.2 | 1.46 | 14.91 | 16.37 | OK | |
r-release-macos-arm64 | 0.0.2 | 15.00 | OK | |||
r-release-macos-x86_64 | 0.0.2 | 22.00 | OK | |||
r-release-windows-x86_64 | 0.0.2 | 2.00 | 36.00 | 38.00 | OK | |
r-oldrel-macos-arm64 | 0.0.2 | 13.00 | OK | |||
r-oldrel-macos-x86_64 | 0.0.2 | 19.00 | OK | |||
r-oldrel-windows-x86_64 | 0.0.2 | 2.00 | 33.00 | 35.00 | OK |
Version: 0.0.2
Check: CRAN incoming feasibility
Result: NOTE
Maintainer: ‘Dirk Eddelbuettel <edd@debian.org>’
No Authors@R field in DESCRIPTION.
Please add one, modifying
Authors@R: person(given = "Dirk",
family = "Eddelbuettel",
role = c("aut", "cre"),
email = "edd@debian.org")
as necessary.
Flavors: r-devel-linux-x86_64-debian-clang, r-devel-linux-x86_64-debian-gcc