Last updated on 2024-04-19 11:56:46 CEST.
Flavor | Version | Tinstall | Tcheck | Ttotal | Status | Flags |
---|---|---|---|---|---|---|
r-devel-linux-x86_64-debian-clang | 1.5 | 5.04 | 36.65 | 41.69 | NOTE | |
r-devel-linux-x86_64-debian-gcc | 1.5 | NOTE | ||||
r-devel-linux-x86_64-fedora-clang | 1.5 | 50.71 | NOTE | |||
r-devel-linux-x86_64-fedora-gcc | 1.5 | 48.31 | NOTE | |||
r-prerel-macos-arm64 | 1.5 | 19.00 | NOTE | |||
r-prerel-windows-x86_64 | 1.5 | 7.00 | 50.00 | 57.00 | NOTE | |
r-patched-linux-x86_64 | 1.5 | 6.67 | 34.77 | 41.44 | NOTE | |
r-release-linux-x86_64 | 1.5 | 4.65 | 34.29 | 38.94 | OK | |
r-release-macos-arm64 | 1.5 | 20.00 | OK | |||
r-release-macos-x86_64 | 1.5 | 29.00 | OK | |||
r-release-windows-x86_64 | 1.5 | 8.00 | 52.00 | 60.00 | OK | |
r-oldrel-macos-arm64 | 1.5 | 22.00 | OK | |||
r-oldrel-windows-x86_64 | 1.5 | 8.00 | 57.00 | 65.00 | OK |
Version: 1.5
Check: Rd files
Result: NOTE
checkRd: (-1) glag.Rd:7: Lost braces; missing escapes or markup?
7 | Similar to the \code{\link{lag}} function from the \code{stats} package, but \code{glag} enables padding (e.g. {NA}s or 0s) of the lost entries. Contrary to the \code{\link{lag}} function in the stats package, however, the default in \code{glag} is to pad (with \code{NA}s). The \code{glag} is particularly suited for \code{\link{zoo}} objects, since their indexing is retained
| ^
Flavors: r-devel-linux-x86_64-debian-clang, r-devel-linux-x86_64-debian-gcc, r-devel-linux-x86_64-fedora-clang, r-devel-linux-x86_64-fedora-gcc, r-prerel-macos-arm64, r-prerel-windows-x86_64, r-patched-linux-x86_64