Last updated on 2023-10-01 12:00:37 CEST.
Flavor | Version | Tinstall | Tcheck | Ttotal | Status | Flags |
---|---|---|---|---|---|---|
r-devel-linux-x86_64-debian-clang | 1.1.4 | 77.42 | 78.33 | 155.75 | OK | |
r-devel-linux-x86_64-debian-gcc | 1.1.4 | 69.31 | 60.83 | 130.14 | OK | |
r-devel-linux-x86_64-fedora-clang | 1.1.4 | 212.27 | OK | |||
r-devel-linux-x86_64-fedora-gcc | 1.1.4 | 231.70 | OK | |||
r-devel-windows-x86_64 | 1.1.4 | 60.00 | 100.00 | 160.00 | OK | |
r-patched-linux-x86_64 | 1.1.4 | 82.60 | 76.68 | 159.28 | OK | |
r-release-linux-x86_64 | 1.1.4 | 80.57 | 77.00 | 157.57 | OK | |
r-release-macos-arm64 | 1.1.4 | 55.00 | NOTE | |||
r-release-macos-x86_64 | 1.1.4 | 140.00 | OK | |||
r-release-windows-x86_64 | 1.1.4 | 75.00 | 118.00 | 193.00 | OK | |
r-oldrel-macos-arm64 | 1.1.4 | 63.00 | NOTE | |||
r-oldrel-macos-x86_64 | 1.1.4 | 76.00 | NOTE | |||
r-oldrel-windows-x86_64 | 1.1.4 | 73.00 | 110.00 | 183.00 | OK |
Version: 1.1.4
Check: installed package size
Result: NOTE
installed size is 5.2Mb
sub-directories of 1Mb or more:
libs 4.6Mb
Flavors: r-release-macos-arm64, r-oldrel-macos-arm64, r-oldrel-macos-x86_64