Last updated on 2024-04-23 10:54:03 CEST.
Flavor | Version | Tinstall | Tcheck | Ttotal | Status | Flags |
---|---|---|---|---|---|---|
r-devel-linux-x86_64-debian-clang | 2.0-1 | 169.07 | 55.77 | 224.84 | OK | |
r-devel-linux-x86_64-debian-gcc | 2.0-1 | 117.12 | 41.47 | 158.59 | OK | |
r-devel-linux-x86_64-fedora-clang | 2.0-1 | 317.28 | OK | |||
r-devel-linux-x86_64-fedora-gcc | 2.0-1 | 317.83 | OK | |||
r-prerel-macos-arm64 | 2.0-1 | 60.00 | NOTE | |||
r-prerel-windows-x86_64 | 2.0-1 | 117.00 | 90.00 | 207.00 | OK | |
r-patched-linux-x86_64 | 2.0-1 | 162.32 | 52.04 | 214.36 | OK | |
r-release-linux-x86_64 | 2.0-1 | 152.01 | 51.89 | 203.90 | OK | |
r-release-macos-arm64 | 2.0-1 | 84.00 | NOTE | |||
r-release-macos-x86_64 | 2.0-1 | 117.00 | NOTE | |||
r-release-windows-x86_64 | 2.0-1 | 149.00 | 97.00 | 246.00 | OK | |
r-oldrel-macos-arm64 | 2.0-1 | 67.00 | NOTE | |||
r-oldrel-windows-x86_64 | 2.0-1 | 140.00 | 98.00 | 238.00 | OK |
Version: 2.0-1
Check: installed package size
Result: NOTE
installed size is 6.0Mb
sub-directories of 1Mb or more:
libs 5.1Mb
Flavors: r-prerel-macos-arm64, r-release-macos-arm64, r-release-macos-x86_64, r-oldrel-macos-arm64