Last updated on 2025-05-07 11:55:29 CEST.
Flavor | Version | Tinstall | Tcheck | Ttotal | Status | Flags |
---|---|---|---|---|---|---|
r-devel-linux-x86_64-debian-clang | 4.3-3 | 12.36 | 75.79 | 88.15 | NOTE | |
r-devel-linux-x86_64-debian-gcc | 4.3-3 | 9.82 | 57.60 | 67.42 | NOTE | |
r-devel-linux-x86_64-fedora-clang | 4.3-3 | 146.50 | OK | |||
r-devel-linux-x86_64-fedora-gcc | 4.3-3 | 132.40 | OK | |||
r-devel-windows-x86_64 | 4.3-3 | 11.00 | 81.00 | 92.00 | OK | |
r-patched-linux-x86_64 | 4.3-3 | 11.96 | 73.09 | 85.05 | OK | |
r-release-linux-x86_64 | 4.3-3 | 11.51 | 72.12 | 83.63 | OK | |
r-release-macos-arm64 | 4.3-3 | 91.00 | OK | |||
r-release-macos-x86_64 | 4.3-3 | 88.00 | OK | |||
r-release-windows-x86_64 | 4.3-3 | 10.00 | 79.00 | 89.00 | OK | |
r-oldrel-macos-arm64 | 4.3-3 | 68.00 | OK | |||
r-oldrel-macos-x86_64 | 4.3-3 | 63.00 | OK | |||
r-oldrel-windows-x86_64 | 4.3-3 | 13.00 | 93.00 | 106.00 | OK |
Version: 4.3-3
Check: CRAN incoming feasibility
Result: NOTE
Maintainer: ‘Mikis Stasinopoulos <d.stasinopoulos@londonmet.ac.uk>’
No Authors@R field in DESCRIPTION.
Please add one, modifying
Authors@R: c(person(given = "Mikis",
family = "Stasinopoulos",
role = c("aut", "cre"),
email = "d.stasinopoulos@londonmet.ac.uk"),
person(given = "Bob",
family = "Rigby",
role = "aut",
email = "r.rigby@londonmet.ac.uk"),
person(given = "Paul",
family = "Eilers",
role = "aut",
email = "p.eilers@erasmusmc.nl"),
person(given = c("Brian", "Marx"),
family = "\\email{bmarx@LSU.EDU}",
role = "aut"),
person(given = c("Konstantinos", "Pateras", "with", "contributions", "from", "Larisa"),
family = "Kosidou.",
role = "aut",
email = "kostas.pateras@gmail.com"))
as necessary.
Flavors: r-devel-linux-x86_64-debian-clang, r-devel-linux-x86_64-debian-gcc