CRAN Package Check Results for Package gamRR

Last updated on 2024-02-25 10:54:25 CET.

Flavor Version Tinstall Tcheck Ttotal Status Flags
r-devel-linux-x86_64-debian-clang 0.7.0 7.60 56.47 64.07 NOTE
r-devel-linux-x86_64-debian-gcc 0.7.0 5.73 49.28 55.01 NOTE
r-devel-linux-x86_64-fedora-clang 0.7.0 88.92 NOTE
r-devel-linux-x86_64-fedora-gcc 0.7.0 84.11 NOTE
r-devel-windows-x86_64 0.7.0 7.00 63.00 70.00 NOTE
r-patched-linux-x86_64 0.7.0 6.52 62.35 68.87 NOTE
r-release-linux-x86_64 0.7.0 6.72 61.85 68.57 NOTE
r-release-macos-arm64 0.7.0 30.00 NOTE
r-release-macos-x86_64 0.7.0 46.00 NOTE
r-release-windows-x86_64 0.7.0 9.00 72.00 81.00 NOTE
r-oldrel-macos-arm64 0.7.0 27.00 NOTE
r-oldrel-windows-x86_64 0.7.0 9.00 77.00 86.00 NOTE

Check Details

Version: 0.7.0
Check: LazyData
Result: NOTE 'LazyData' is specified without a 'data' directory Flavors: r-devel-linux-x86_64-debian-clang, r-devel-linux-x86_64-debian-gcc, r-devel-linux-x86_64-fedora-clang, r-devel-linux-x86_64-fedora-gcc, r-devel-windows-x86_64, r-patched-linux-x86_64, r-release-linux-x86_64, r-release-macos-arm64, r-release-macos-x86_64, r-release-windows-x86_64, r-oldrel-macos-arm64, r-oldrel-windows-x86_64