Last updated on 2024-08-31 11:49:28 CEST.
Flavor | Version | Tinstall | Tcheck | Ttotal | Status | Flags |
---|---|---|---|---|---|---|
r-devel-linux-x86_64-debian-clang | 0.7.0 | 6.59 | 51.19 | 57.78 | NOTE | |
r-devel-linux-x86_64-debian-gcc | 0.7.0 | 4.90 | 37.16 | 42.06 | NOTE | |
r-devel-linux-x86_64-fedora-clang | 0.7.0 | 89.82 | NOTE | |||
r-devel-linux-x86_64-fedora-gcc | 0.7.0 | 83.51 | NOTE | |||
r-devel-windows-x86_64 | 0.7.0 | 7.00 | 61.00 | 68.00 | NOTE | |
r-patched-linux-x86_64 | 0.7.0 | 6.28 | 48.00 | 54.28 | NOTE | |
r-release-linux-x86_64 | 0.7.0 | 6.12 | 47.41 | 53.53 | NOTE | |
r-release-macos-arm64 | 0.7.0 | 27.00 | NOTE | |||
r-release-macos-x86_64 | 0.7.0 | 44.00 | NOTE | |||
r-release-windows-x86_64 | 0.7.0 | 8.00 | 75.00 | 83.00 | NOTE | |
r-oldrel-macos-arm64 | 0.7.0 | 30.00 | NOTE | |||
r-oldrel-macos-x86_64 | 0.7.0 | 46.00 | NOTE | |||
r-oldrel-windows-x86_64 | 0.7.0 | 8.00 | 72.00 | 80.00 | NOTE |
Version: 0.7.0
Check: LazyData
Result: NOTE
'LazyData' is specified without a 'data' directory
Flavors: r-devel-linux-x86_64-debian-clang, r-devel-linux-x86_64-debian-gcc, r-devel-linux-x86_64-fedora-clang, r-devel-linux-x86_64-fedora-gcc, r-devel-windows-x86_64, r-patched-linux-x86_64, r-release-linux-x86_64, r-release-macos-arm64, r-release-macos-x86_64, r-release-windows-x86_64, r-oldrel-macos-arm64, r-oldrel-macos-x86_64, r-oldrel-windows-x86_64