CRAN Package Check Results for Package galigor

Last updated on 2023-06-01 11:57:41 CEST.

Flavor Version Tinstall Tcheck Ttotal Status Flags
r-devel-linux-x86_64-debian-clang 0.2.5 7.83 45.20 53.03 OK
r-devel-linux-x86_64-debian-gcc 0.2.5 4.81 34.70 39.51 OK
r-devel-linux-x86_64-fedora-clang 0.2.5 66.81 NOTE
r-devel-linux-x86_64-fedora-gcc 0.2.5 61.00 NOTE
r-devel-windows-x86_64 0.2.5 8.00 58.00 66.00 OK
r-patched-linux-x86_64 0.2.5 OK
r-release-linux-x86_64 0.2.5 4.36 42.88 47.24 OK
r-release-macos-arm64 0.2.5 24.00 OK
r-release-macos-x86_64 0.2.5 37.00 OK
r-release-windows-x86_64 0.2.5 9.00 61.00 70.00 OK
r-oldrel-macos-arm64 0.2.5 29.00 NOTE
r-oldrel-macos-x86_64 0.2.5 47.00 NOTE
r-oldrel-windows-x86_64 0.2.5 9.00 77.00 86.00 OK

Check Details

Version: 0.2.5
Check: dependencies in R code
Result: NOTE
    Namespaces in Imports field not imported from:
     ‘gargle’ ‘getProxy’ ‘rappsflyer’ ‘rfacebookstat’ ‘rgoogleads’
     ‘rmytarget’ ‘rvkstat’ ‘ryandexdirect’ ‘rym’ ‘tidyr’
     All declared Imports should be used.
Flavors: r-devel-linux-x86_64-fedora-clang, r-devel-linux-x86_64-fedora-gcc, r-oldrel-macos-arm64, r-oldrel-macos-x86_64