Last updated on 2024-05-02 12:50:48 CEST.
Flavor | Version | Tinstall | Tcheck | Ttotal | Status | Flags |
---|---|---|---|---|---|---|
r-devel-linux-x86_64-debian-clang | 0.2.0 | 78.39 | 193.91 | 272.30 | OK | |
r-devel-linux-x86_64-debian-gcc | 0.2.0 | 62.49 | 149.45 | 211.94 | OK | |
r-devel-linux-x86_64-fedora-clang | 0.2.0 | 352.29 | OK | |||
r-devel-linux-x86_64-fedora-gcc | 0.2.0 | 380.79 | OK | |||
r-devel-windows-x86_64 | 0.2.0 | 56.00 | 188.00 | 244.00 | OK | |
r-patched-linux-x86_64 | 0.2.0 | 59.34 | 191.75 | 251.09 | OK | |
r-release-linux-x86_64 | 0.2.0 | 60.77 | 195.03 | 255.80 | OK | |
r-release-macos-arm64 | 0.2.0 | 111.00 | NOTE | |||
r-release-macos-x86_64 | 0.2.0 | 230.00 | NOTE | |||
r-release-windows-x86_64 | 0.2.0 | 58.00 | 187.00 | 245.00 | OK | |
r-oldrel-macos-arm64 | 0.2.0 | 115.00 | NOTE | |||
r-oldrel-macos-x86_64 | 0.2.0 | 232.00 | NOTE | |||
r-oldrel-windows-x86_64 | 0.2.0 | 75.00 | 234.00 | 309.00 | OK |
Version: 0.2.0
Check: installed package size
Result: NOTE
installed size is 25.8Mb
sub-directories of 1Mb or more:
doc 2.0Mb
libs 22.2Mb
Flavors: r-release-macos-arm64, r-release-macos-x86_64, r-oldrel-macos-arm64, r-oldrel-macos-x86_64