Last updated on 2024-04-25 07:59:52 CEST.
Flavor | Version | Tinstall | Tcheck | Ttotal | Status | Flags |
---|---|---|---|---|---|---|
r-devel-linux-x86_64-debian-clang | 0.11-1 | 8.76 | 249.71 | 258.47 | OK | |
r-devel-linux-x86_64-debian-gcc | 0.11-1 | 7.52 | 175.42 | 182.94 | OK | |
r-devel-linux-x86_64-fedora-clang | 0.11-1 | 311.32 | NOTE | |||
r-devel-linux-x86_64-fedora-gcc | 0.11-1 | 312.40 | OK | |||
r-devel-windows-x86_64 | 0.11-1 | 10.00 | 189.00 | 199.00 | OK | |
r-patched-linux-x86_64 | 0.11-1 | 11.03 | 237.16 | 248.19 | OK | |
r-release-linux-x86_64 | 0.11-1 | 8.10 | 230.90 | 239.00 | OK | |
r-release-macos-arm64 | 0.11-1 | 83.00 | OK | |||
r-release-macos-x86_64 | 0.11-1 | 296.00 | OK | |||
r-release-windows-x86_64 | 0.11-1 | 10.00 | 189.00 | 199.00 | OK | |
r-oldrel-macos-arm64 | 0.11-1 | 94.00 | OK | |||
r-oldrel-macos-x86_64 | 0.11-1 | 255.00 | OK | |||
r-oldrel-windows-x86_64 | 0.11-1 | 11.00 | 242.00 | 253.00 | OK |
Version: 0.11-1
Check: Rd cross-references
Result: NOTE
Undeclared package ‘mfdb’ in Rd xrefs
Flavor: r-devel-linux-x86_64-fedora-clang