CRAN Package Check Results for Package gadget2

Last updated on 2022-07-06 12:53:35 CEST.

Flavor Version Tinstall Tcheck Ttotal Status Flags
r-devel-linux-x86_64-debian-clang 2.3.7 228.13 21.18 249.31 WARN
r-devel-linux-x86_64-debian-gcc 2.3.7 169.78 16.91 186.69 OK
r-devel-linux-x86_64-fedora-clang 2.3.7 565.72 WARN
r-devel-linux-x86_64-fedora-gcc 2.3.7 323.02 OK
r-devel-windows-x86_64 2.3.7 371.00 63.00 434.00 OK
r-patched-linux-x86_64 2.3.7 186.65 21.39 208.04 OK
r-release-linux-x86_64 2.3.7 184.59 20.77 205.36 OK
r-release-macos-arm64 2.3.7 108.00 OK
r-release-macos-x86_64 2.3.7 128.00 OK
r-release-windows-x86_64 2.3.7 288.00 65.00 353.00 OK
r-oldrel-macos-arm64 2.3.7 129.00 OK
r-oldrel-macos-x86_64 2.3.7 186.00 OK
r-oldrel-windows-ix86+x86_64 2.3.7 600.00 39.00 639.00 NOTE

Additional issues

clang14

Check Details

Version: 2.3.7
Check: whether package can be installed
Result: WARN
    Found the following significant warnings:
     proglikelihood.cc:279:6: warning: use of bitwise '|' with boolean operands [-Wbitwise-instead-of-logical]
     proglikelihood.cc:368:8: warning: use of bitwise '&' with boolean operands [-Wbitwise-instead-of-logical]
     proglikelihood.cc:371:8: warning: use of bitwise '&' with boolean operands [-Wbitwise-instead-of-logical]
Flavors: r-devel-linux-x86_64-debian-clang, r-devel-linux-x86_64-fedora-clang

Version: 2.3.7
Check: installed package size
Result: NOTE
     installed size is 7.3Mb
     sub-directories of 1Mb or more:
     bin 7.2Mb
Flavors: r-devel-linux-x86_64-fedora-clang, r-oldrel-windows-ix86+x86_64