Last updated on 2024-03-28 09:51:44 CET.
Flavor | Version | Tinstall | Tcheck | Ttotal | Status | Flags |
---|---|---|---|---|---|---|
r-devel-linux-x86_64-debian-clang | 1.0-8 | 35.44 | 171.19 | 206.63 | NOTE | |
r-devel-linux-x86_64-debian-gcc | 1.0-8 | 24.46 | 120.33 | 144.79 | NOTE | |
r-devel-linux-x86_64-fedora-clang | 1.0-8 | 247.14 | NOTE | |||
r-devel-linux-x86_64-fedora-gcc | 1.0-8 | 243.71 | NOTE | |||
r-devel-windows-x86_64 | 1.0-8 | 20.00 | 91.00 | 111.00 | NOTE | |
r-patched-linux-x86_64 | 1.0-8 | 36.75 | 160.55 | 197.30 | NOTE | |
r-release-linux-x86_64 | 1.0-8 | 28.93 | 139.15 | 168.08 | OK | |
r-release-macos-arm64 | 1.0-8 | 57.00 | OK | |||
r-release-macos-x86_64 | 1.0-8 | 105.00 | OK | |||
r-release-windows-x86_64 | 1.0-8 | 24.00 | 109.00 | 133.00 | OK | |
r-oldrel-macos-arm64 | 1.0-8 | 90.00 | OK | |||
r-oldrel-windows-x86_64 | 1.0-8 | 29.00 | 106.00 | 135.00 | OK |
Version: 1.0-8
Check: Rd files
Result: NOTE
checkRd: (-1) gWidgets2tcltk-undocumented.Rd:285: Lost braces in \itemize; meant \describe ?
checkRd: (-1) gWidgets2tcltk-undocumented.Rd:286-293: Lost braces in \itemize; meant \describe ?
checkRd: (-1) gWidgets2tcltk-undocumented.Rd:378: Lost braces
378 | \item{visible}{logical. If code{TRUE} window is drawn when
| ^
Flavors: r-devel-linux-x86_64-debian-clang, r-devel-linux-x86_64-debian-gcc, r-devel-linux-x86_64-fedora-clang, r-devel-linux-x86_64-fedora-gcc, r-devel-windows-x86_64, r-patched-linux-x86_64