CRAN Package Check Results for Package gLRTH

Last updated on 2024-04-23 10:54:04 CEST.

Flavor Version Tinstall Tcheck Ttotal Status Flags
r-devel-linux-x86_64-debian-clang 0.2.0 2.12 22.36 24.48 NOTE
r-devel-linux-x86_64-debian-gcc 0.2.0 1.26 17.72 18.98 NOTE
r-devel-linux-x86_64-fedora-clang 0.2.0 31.62 NOTE
r-devel-linux-x86_64-fedora-gcc 0.2.0 30.03 NOTE
r-prerel-macos-arm64 0.2.0 14.00 NOTE
r-prerel-windows-x86_64 0.2.0 3.00 44.00 47.00 NOTE
r-patched-linux-x86_64 0.2.0 2.00 22.42 24.42 NOTE
r-release-linux-x86_64 0.2.0 1.35 21.80 23.15 NOTE
r-release-macos-arm64 0.2.0 15.00 NOTE
r-release-macos-x86_64 0.2.0 22.00 NOTE
r-release-windows-x86_64 0.2.0 2.00 44.00 46.00 NOTE
r-oldrel-macos-arm64 0.2.0 17.00 NOTE
r-oldrel-windows-x86_64 0.2.0 4.00 46.00 50.00 NOTE

Check Details

Version: 0.2.0
Check: LazyData
Result: NOTE 'LazyData' is specified without a 'data' directory Flavors: r-devel-linux-x86_64-debian-clang, r-devel-linux-x86_64-debian-gcc, r-devel-linux-x86_64-fedora-clang, r-devel-linux-x86_64-fedora-gcc, r-prerel-macos-arm64, r-prerel-windows-x86_64, r-patched-linux-x86_64, r-release-linux-x86_64, r-release-macos-arm64, r-release-macos-x86_64, r-release-windows-x86_64, r-oldrel-macos-arm64, r-oldrel-windows-x86_64