Last updated on 2025-04-29 12:52:37 CEST.
Flavor | Version | Tinstall | Tcheck | Ttotal | Status | Flags |
---|---|---|---|---|---|---|
r-devel-linux-x86_64-debian-clang | 3.1 | 1.92 | 18.75 | 20.67 | NOTE | |
r-devel-linux-x86_64-debian-gcc | 3.1 | 1.34 | 14.82 | 16.16 | NOTE | |
r-devel-linux-x86_64-fedora-clang | 3.1 | 32.79 | OK | |||
r-devel-linux-x86_64-fedora-gcc | 3.1 | 31.67 | OK | |||
r-devel-windows-x86_64 | 3.1 | 3.00 | 38.00 | 41.00 | OK | |
r-patched-linux-x86_64 | 3.1 | 2.00 | 17.95 | 19.95 | OK | |
r-release-linux-x86_64 | 3.1 | 1.86 | 17.55 | 19.41 | OK | |
r-release-macos-arm64 | 3.1 | 17.00 | OK | |||
r-release-macos-x86_64 | 3.1 | 25.00 | OK | |||
r-release-windows-x86_64 | 3.1 | 3.00 | 41.00 | 44.00 | OK | |
r-oldrel-macos-arm64 | 3.1 | 14.00 | OK | |||
r-oldrel-macos-x86_64 | 3.1 | 19.00 | OK | |||
r-oldrel-windows-x86_64 | 3.1 | 3.00 | 37.00 | 40.00 | OK |
Version: 3.1
Check: CRAN incoming feasibility
Result: NOTE
Maintainer: ‘Anna Klimova <aklimova25@gmail.com>’
No Authors@R field in DESCRIPTION.
Please add one, modifying
Authors@R: c(person(given = "Anna",
family = "Klimova",
role = c("aut", "cre"),
email = "aklimova25@gmail.com"),
person(given = "Tamas",
family = "Rudas",
role = "aut"))
as necessary.
Flavors: r-devel-linux-x86_64-debian-clang, r-devel-linux-x86_64-debian-gcc