Last updated on 2025-04-29 12:52:36 CEST.
Flavor | Version | Tinstall | Tcheck | Ttotal | Status | Flags |
---|---|---|---|---|---|---|
r-devel-linux-x86_64-debian-clang | 1.0 | 1.67 | 23.92 | 25.59 | NOTE | |
r-devel-linux-x86_64-debian-gcc | 1.0 | 1.37 | 20.04 | 21.41 | NOTE | |
r-devel-linux-x86_64-fedora-clang | 1.0 | 37.98 | OK | |||
r-devel-linux-x86_64-fedora-gcc | 1.0 | 42.40 | OK | |||
r-devel-windows-x86_64 | 1.0 | 3.00 | 50.00 | 53.00 | OK | |
r-patched-linux-x86_64 | 1.0 | 1.77 | 26.14 | 27.91 | OK | |
r-release-linux-x86_64 | 1.0 | 1.23 | 25.74 | 26.97 | OK | |
r-release-macos-arm64 | 1.0 | 21.00 | OK | |||
r-release-macos-x86_64 | 1.0 | 37.00 | OK | |||
r-release-windows-x86_64 | 1.0 | 3.00 | 52.00 | 55.00 | OK | |
r-oldrel-macos-arm64 | 1.0 | 20.00 | OK | |||
r-oldrel-macos-x86_64 | 1.0 | 27.00 | OK | |||
r-oldrel-windows-x86_64 | 1.0 | 3.00 | 50.00 | 53.00 | OK |
Version: 1.0
Check: examples
Result: NOTE
Examples with CPU (user + system) or elapsed time > 5s
user system elapsed
g.ridge 5.679 0.18 7.957
Flavor: r-devel-linux-x86_64-debian-clang
Version: 1.0
Check: examples
Result: NOTE
Examples with CPU (user + system) or elapsed time > 5s
user system elapsed
g.ridge 5.182 0.265 7.027
Flavor: r-devel-linux-x86_64-debian-gcc