Last updated on 2025-04-29 12:52:36 CEST.
Flavor | Version | Tinstall | Tcheck | Ttotal | Status | Flags |
---|---|---|---|---|---|---|
r-devel-linux-x86_64-debian-clang | 2.4.1 | 1.40 | 21.79 | 23.19 | NOTE | |
r-devel-linux-x86_64-debian-gcc | 2.4.1 | 1.30 | 17.78 | 19.08 | NOTE | |
r-devel-linux-x86_64-fedora-clang | 2.4.1 | 35.51 | OK | |||
r-devel-linux-x86_64-fedora-gcc | 2.4.1 | 49.25 | OK | |||
r-devel-windows-x86_64 | 2.4.1 | 3.00 | 50.00 | 53.00 | OK | |
r-patched-linux-x86_64 | 2.4.1 | 1.70 | 21.00 | 22.70 | NOTE | |
r-release-linux-x86_64 | 2.4.1 | 1.44 | 21.16 | 22.60 | NOTE | |
r-release-macos-arm64 | 2.4.1 | 26.00 | OK | |||
r-release-macos-x86_64 | 2.4.1 | 48.00 | OK | |||
r-release-windows-x86_64 | 2.4.1 | 3.00 | 52.00 | 55.00 | OK | |
r-oldrel-macos-arm64 | 2.4.1 | 23.00 | OK | |||
r-oldrel-macos-x86_64 | 2.4.1 | 32.00 | OK | |||
r-oldrel-windows-x86_64 | 2.4.1 | 2.00 | 48.00 | 50.00 | OK |
Version: 2.4.1
Check: CRAN incoming feasibility
Result: NOTE
Maintainer: ‘David Brahm <brahm@alum.mit.edu>’
No Authors@R field in DESCRIPTION.
Please add one, modifying
Authors@R: person(given = "David",
family = "Brahm",
role = c("aut", "cre"),
email = "brahm@alum.mit.edu")
as necessary.
Flavors: r-devel-linux-x86_64-debian-clang, r-devel-linux-x86_64-debian-gcc
Version: 2.4.1
Check: R code for possible problems
Result: NOTE
Found the following calls to attach():
File ‘g.data/R/g.data.attach.R’:
attach(NULL, pos, basename(dir))
See section ‘Good practice’ in ‘?attach’.
Flavors: r-devel-linux-x86_64-debian-clang, r-devel-linux-x86_64-debian-gcc, r-patched-linux-x86_64, r-release-linux-x86_64