Last updated on 2023-10-01 12:00:37 CEST.
Flavor | Version | Tinstall | Tcheck | Ttotal | Status | Flags |
---|---|---|---|---|---|---|
r-devel-linux-x86_64-debian-clang | 0.1.6 | 5.39 | 153.73 | 159.12 | OK | |
r-devel-linux-x86_64-debian-gcc | 0.1.6 | 4.47 | 107.07 | 111.54 | OK | |
r-devel-linux-x86_64-fedora-clang | 0.1.6 | 183.40 | OK | |||
r-devel-linux-x86_64-fedora-gcc | 0.1.6 | 187.28 | OK | |||
r-devel-windows-x86_64 | 0.1.6 | 8.00 | 123.00 | 131.00 | OK | |
r-patched-linux-x86_64 | 0.1.6 | 9.77 | 137.13 | 146.90 | OK | |
r-release-linux-x86_64 | 0.1.6 | 4.97 | 135.70 | 140.67 | OK | |
r-release-macos-arm64 | 0.1.6 | 67.00 | OK | |||
r-release-macos-x86_64 | 0.1.6 | 96.00 | OK | |||
r-release-windows-x86_64 | 0.1.6 | 9.00 | 144.00 | 153.00 | OK | |
r-oldrel-macos-arm64 | 0.1.6 | 74.00 | NOTE | |||
r-oldrel-macos-x86_64 | 0.1.6 | 133.00 | OK | |||
r-oldrel-windows-x86_64 | 0.1.6 | 9.00 | 146.00 | 155.00 | OK |
Version: 0.1.6
Check: package dependencies
Result: NOTE
Package suggested but not available for checking: ‘IRanges’
Flavor: r-oldrel-macos-arm64
Version: 0.1.6
Check: Rd cross-references
Result: NOTE
Package unavailable to check Rd xrefs: ‘IRanges’
Flavor: r-oldrel-macos-arm64