Last updated on 2024-03-28 09:51:43 CET.
Flavor | Version | Tinstall | Tcheck | Ttotal | Status | Flags |
---|---|---|---|---|---|---|
r-devel-linux-x86_64-debian-clang | 0.5.2 | 13.18 | 453.04 | 466.22 | NOTE | |
r-devel-linux-x86_64-debian-gcc | 0.5.2 | 8.81 | 336.68 | 345.49 | NOTE | |
r-devel-linux-x86_64-fedora-clang | 0.5.2 | 536.43 | NOTE | |||
r-devel-linux-x86_64-fedora-gcc | 0.5.2 | 653.42 | NOTE | |||
r-devel-windows-x86_64 | 0.5.2 | 10.00 | 332.00 | 342.00 | NOTE | |
r-patched-linux-x86_64 | 0.5.2 | 7.43 | 439.08 | 446.51 | NOTE | |
r-release-linux-x86_64 | 0.5.2 | 6.97 | 411.92 | 418.89 | OK | |
r-release-macos-arm64 | 0.5.2 | 253.00 | OK | |||
r-release-macos-x86_64 | 0.5.2 | 483.00 | OK | |||
r-release-windows-x86_64 | 0.5.2 | 14.00 | 413.00 | 427.00 | OK | |
r-oldrel-macos-arm64 | 0.5.2 | 242.00 | OK | |||
r-oldrel-windows-x86_64 | 0.5.2 | 15.00 | 459.00 | 474.00 | OK |
Version: 0.5.2
Check: Rd files
Result: NOTE
checkRd: (-1) add_flat_template.Rd:81: Lost braces; missing escapes or markup?
81 | \item "minimal_package": Minimal template to start a new package when you already know {fusen}, along with the "dev_history" template. Note that this is called "minimal" in \code{create_fusen()}.
| ^
checkRd: (-1) init_share_on_github.Rd:17: Lost braces; missing escapes or markup?
17 | This uses {pkgdown} to share the documentation of the package through GitHub Actions.
| ^
checkRd: (-1) init_share_on_github.Rd:36: Lost braces; missing escapes or markup?
36 | \item Init continuous deployment (CD) of the {pkgdown} website documentation
| ^
Flavors: r-devel-linux-x86_64-debian-clang, r-devel-linux-x86_64-debian-gcc, r-devel-linux-x86_64-fedora-clang, r-devel-linux-x86_64-fedora-gcc, r-devel-windows-x86_64, r-patched-linux-x86_64