CRAN Package Check Results for Package funique

Last updated on 2022-07-07 12:55:24 CEST.

Flavor Version Tinstall Tcheck Ttotal Status Flags
r-devel-linux-x86_64-debian-clang 0.0.1 1.44 22.84 24.28 NOTE
r-devel-linux-x86_64-debian-gcc 0.0.1 1.39 17.91 19.30 NOTE
r-devel-linux-x86_64-fedora-clang 0.0.1 41.00 NOTE
r-devel-linux-x86_64-fedora-gcc 0.0.1 39.77 NOTE
r-devel-windows-x86_64 0.0.1 9.00 53.00 62.00 NOTE
r-patched-linux-x86_64 0.0.1 2.02 22.64 24.66 NOTE
r-release-linux-x86_64 0.0.1 2.02 22.27 24.29 NOTE
r-release-macos-arm64 0.0.1 17.00 NOTE
r-release-macos-x86_64 0.0.1 21.00 NOTE
r-release-windows-x86_64 0.0.1 10.00 53.00 63.00 NOTE
r-oldrel-macos-arm64 0.0.1 22.00 NOTE
r-oldrel-macos-x86_64 0.0.1 31.00 NOTE
r-oldrel-windows-ix86+x86_64 0.0.1 5.00 41.00 46.00 NOTE

Check Details

Version: 0.0.1
Check: LazyData
Result: NOTE
     'LazyData' is specified without a 'data' directory
Flavors: r-devel-linux-x86_64-debian-clang, r-devel-linux-x86_64-debian-gcc, r-devel-linux-x86_64-fedora-clang, r-devel-linux-x86_64-fedora-gcc, r-devel-windows-x86_64, r-patched-linux-x86_64, r-release-linux-x86_64, r-release-macos-arm64, r-release-macos-x86_64, r-release-windows-x86_64, r-oldrel-macos-arm64, r-oldrel-macos-x86_64, r-oldrel-windows-ix86+x86_64