Last updated on 2025-04-29 12:52:36 CEST.
Flavor | Version | Tinstall | Tcheck | Ttotal | Status | Flags |
---|---|---|---|---|---|---|
r-devel-linux-x86_64-debian-clang | 1.2.0 | 2.37 | 23.33 | 25.70 | NOTE | |
r-devel-linux-x86_64-debian-gcc | 1.2.0 | 2.04 | 17.94 | 19.98 | NOTE | |
r-devel-linux-x86_64-fedora-clang | 1.2.0 | 39.92 | OK | |||
r-devel-linux-x86_64-fedora-gcc | 1.2.0 | 38.23 | OK | |||
r-devel-windows-x86_64 | 1.2.0 | 4.00 | 49.00 | 53.00 | OK | |
r-patched-linux-x86_64 | 1.2.0 | 3.11 | 22.25 | 25.36 | OK | |
r-release-linux-x86_64 | 1.2.0 | 2.25 | 22.38 | 24.63 | OK | |
r-release-macos-arm64 | 1.2.0 | 18.00 | OK | |||
r-release-macos-x86_64 | 1.2.0 | 28.00 | OK | |||
r-release-windows-x86_64 | 1.2.0 | 5.00 | 51.00 | 56.00 | OK | |
r-oldrel-macos-arm64 | 1.2.0 | 16.00 | NOTE | |||
r-oldrel-macos-x86_64 | 1.2.0 | 24.00 | NOTE | |||
r-oldrel-windows-x86_64 | 1.2.0 | 4.00 | 46.00 | 50.00 | NOTE |
Version: 1.2.0
Check: CRAN incoming feasibility
Result: NOTE
Maintainer: ‘Jiangtao Gou <gouRpackage@gmail.com>’
No Authors@R field in DESCRIPTION.
Please add one, modifying
Authors@R: c(person(given = "Jiangtao",
family = "Gou",
role = c("aut", "cre"),
email = "gourpackage@gmail.com"),
person(given = "Fengqing",
family = "Zhang",
role = "aut",
comment = "Zoe"))
as necessary.
Flavors: r-devel-linux-x86_64-debian-clang, r-devel-linux-x86_64-debian-gcc
Version: 1.2.0
Check: LazyData
Result: NOTE
'LazyData' is specified without a 'data' directory
Flavors: r-oldrel-macos-arm64, r-oldrel-macos-x86_64, r-oldrel-windows-x86_64