Last updated on 2023-12-05 09:50:02 CET.
Flavor | Version | Tinstall | Tcheck | Ttotal | Status | Flags |
---|---|---|---|---|---|---|
r-devel-linux-x86_64-debian-clang | 0.4.5 | 8.74 | 85.11 | 93.85 | OK | |
r-devel-linux-x86_64-debian-gcc | 0.4.5 | 6.34 | 63.30 | 69.64 | OK | |
r-devel-linux-x86_64-fedora-clang | 0.4.5 | 118.31 | NOTE | |||
r-devel-linux-x86_64-fedora-gcc | 0.4.5 | 110.36 | OK | |||
r-devel-windows-x86_64 | 0.4.5 | 9.00 | 89.00 | 98.00 | OK | |
r-patched-linux-x86_64 | 0.4.5 | 9.39 | 78.50 | 87.89 | OK | |
r-release-linux-x86_64 | 0.4.5 | 7.60 | 79.37 | 86.97 | OK | |
r-release-macos-arm64 | 0.4.5 | 36.00 | OK | |||
r-release-macos-x86_64 | 0.4.5 | 57.00 | OK | |||
r-release-windows-x86_64 | 0.4.5 | 10.00 | 101.00 | 111.00 | OK | |
r-oldrel-macos-arm64 | 0.4.5 | 35.00 | OK | |||
r-oldrel-macos-x86_64 | 0.4.5 | 49.00 | OK | |||
r-oldrel-windows-x86_64 | 0.4.5 | 11.00 | 87.00 | 98.00 | OK |
Version: 0.4.5
Check: Rd cross-references
Result: NOTE
Undeclared package ‘chillR’ in Rd xrefs
Flavor: r-devel-linux-x86_64-fedora-clang