Last updated on 2023-09-26 13:08:31 CEST.
Flavor | Version | Tinstall | Tcheck | Ttotal | Status | Flags |
---|---|---|---|---|---|---|
r-devel-linux-x86_64-debian-clang | 0.1.0 | 5.24 | 35.87 | 41.11 | OK | |
r-devel-linux-x86_64-debian-gcc | 0.1.0 | 4.27 | 27.45 | 31.72 | OK | |
r-devel-linux-x86_64-fedora-clang | 0.1.0 | 49.95 | NOTE | |||
r-devel-linux-x86_64-fedora-gcc | 0.1.0 | 49.42 | NOTE | |||
r-devel-windows-x86_64 | 0.1.0 | 7.00 | 48.00 | 55.00 | OK | |
r-patched-linux-x86_64 | 0.1.0 | 5.72 | 35.10 | 40.82 | OK | |
r-release-linux-x86_64 | 0.1.0 | 5.39 | 34.88 | 40.27 | OK | |
r-release-macos-arm64 | 0.1.0 | 22.00 | OK | |||
r-release-macos-x86_64 | 0.1.0 | 30.00 | OK | |||
r-release-windows-x86_64 | 0.1.0 | 8.00 | 51.00 | 59.00 | OK | |
r-oldrel-macos-arm64 | 0.1.0 | 18.00 | NOTE | |||
r-oldrel-macos-x86_64 | 0.1.0 | 28.00 | NOTE | |||
r-oldrel-windows-x86_64 | 0.1.0 | 9.00 | 54.00 | 63.00 | OK |
Version: 0.1.0
Check: data for non-ASCII characters
Result: NOTE
Note: found 50 marked UTF-8 strings
Flavors: r-devel-linux-x86_64-fedora-clang, r-devel-linux-x86_64-fedora-gcc, r-oldrel-macos-arm64, r-oldrel-macos-x86_64