Last updated on 2024-04-26 12:54:33 CEST.
Flavor | Version | Tinstall | Tcheck | Ttotal | Status | Flags |
---|---|---|---|---|---|---|
r-devel-linux-x86_64-debian-clang | 0.1.3 | 1.82 | 22.38 | 24.20 | OK | |
r-devel-linux-x86_64-debian-gcc | 0.1.3 | 1.80 | 17.03 | 18.83 | OK | |
r-devel-linux-x86_64-fedora-clang | 0.1.3 | 30.27 | NOTE | |||
r-devel-linux-x86_64-fedora-gcc | 0.1.3 | 29.37 | NOTE | |||
r-devel-windows-x86_64 | 0.1.3 | 3.00 | 37.00 | 40.00 | OK | |
r-patched-linux-x86_64 | 0.1.3 | 2.01 | 21.12 | 23.13 | OK | |
r-release-linux-x86_64 | 0.1.3 | 2.14 | 20.97 | 23.11 | OK | |
r-release-macos-arm64 | 0.1.3 | 15.00 | OK | |||
r-release-windows-x86_64 | 0.1.3 | 2.00 | 38.00 | 40.00 | OK | |
r-oldrel-macos-arm64 | 0.1.3 | 15.00 | OK | |||
r-oldrel-macos-x86_64 | 0.1.3 | 19.00 | OK | |||
r-oldrel-windows-x86_64 | 0.1.3 | 3.00 | 39.00 | 42.00 | OK |
Version: 0.1.3
Check: dependencies in R code
Result: NOTE
Namespace in Imports field not imported from: ‘utils’
All declared Imports should be used.
Flavors: r-devel-linux-x86_64-fedora-clang, r-devel-linux-x86_64-fedora-gcc