CRAN Package Check Results for Package frair

Last updated on 2024-02-27 11:49:50 CET.

Flavor Version Tinstall Tcheck Ttotal Status Flags
r-devel-linux-x86_64-debian-clang 0.5.100 11.13 94.79 105.92 NOTE
r-devel-linux-x86_64-debian-gcc 0.5.100 9.81 84.27 94.08 NOTE
r-devel-linux-x86_64-fedora-clang 0.5.100 172.05 NOTE
r-devel-linux-x86_64-fedora-gcc 0.5.100 181.80 NOTE
r-devel-windows-x86_64 0.5.100 10.00 95.00 105.00 NOTE
r-patched-linux-x86_64 0.5.100 12.45 107.38 119.83 NOTE
r-release-linux-x86_64 0.5.100 12.66 107.16 119.82 NOTE
r-release-macos-arm64 0.5.100 46.00 NOTE
r-release-macos-x86_64 0.5.100 79.00 NOTE
r-release-windows-x86_64 0.5.100 14.00 111.00 125.00 NOTE
r-oldrel-macos-arm64 0.5.100 47.00 OK
r-oldrel-windows-x86_64 0.5.100 13.00 122.00 135.00 OK

Check Details

Version: 0.5.100
Check: package subdirectories
Result: NOTE Problems with news in ‘NEWS.md’: No news entries found. Flavors: r-devel-linux-x86_64-debian-clang, r-devel-linux-x86_64-debian-gcc, r-devel-linux-x86_64-fedora-clang, r-devel-linux-x86_64-fedora-gcc, r-devel-windows-x86_64, r-patched-linux-x86_64, r-release-linux-x86_64, r-release-macos-arm64, r-release-macos-x86_64, r-release-windows-x86_64