Last updated on 2022-07-01 11:52:00 CEST.
Flavor | Version | Tinstall | Tcheck | Ttotal | Status | Flags |
---|---|---|---|---|---|---|
r-devel-linux-x86_64-debian-clang | 0.1.3 | 20.93 | 38.14 | 59.07 | NOTE | |
r-devel-linux-x86_64-debian-gcc | 0.1.3 | 13.63 | 29.28 | 42.91 | NOTE | |
r-devel-linux-x86_64-fedora-clang | 0.1.3 | 85.26 | NOTE | |||
r-devel-linux-x86_64-fedora-gcc | 0.1.3 | 79.25 | NOTE | |||
r-devel-windows-x86_64 | 0.1.3 | 47.00 | 86.00 | 133.00 | NOTE | |
r-patched-linux-x86_64 | 0.1.3 | 15.58 | 36.55 | 52.13 | NOTE | |
r-release-linux-x86_64 | 0.1.3 | 17.21 | 36.84 | 54.05 | NOTE | |
r-release-macos-arm64 | 0.1.3 | 27.00 | NOTE | |||
r-release-macos-x86_64 | 0.1.3 | 37.00 | NOTE | |||
r-release-windows-x86_64 | 0.1.3 | 34.00 | 92.00 | 126.00 | NOTE | |
r-oldrel-macos-arm64 | 0.1.3 | 32.00 | NOTE | |||
r-oldrel-macos-x86_64 | 0.1.3 | 51.00 | NOTE | |||
r-oldrel-windows-ix86+x86_64 | 0.1.3 | 46.00 | 85.00 | 131.00 | NOTE |
Version: 0.1.3
Check: LazyData
Result: NOTE
'LazyData' is specified without a 'data' directory
Flavors: r-devel-linux-x86_64-debian-clang, r-devel-linux-x86_64-debian-gcc, r-devel-linux-x86_64-fedora-clang, r-devel-linux-x86_64-fedora-gcc, r-devel-windows-x86_64, r-patched-linux-x86_64, r-release-linux-x86_64, r-release-macos-arm64, r-release-macos-x86_64, r-release-windows-x86_64, r-oldrel-macos-arm64, r-oldrel-macos-x86_64, r-oldrel-windows-ix86+x86_64
Version: 0.1.3
Check: compiled code
Result: NOTE
File ‘fractional/libs/fractional.so’:
Found no calls to: ‘R_registerRoutines’, ‘R_useDynamicSymbols’
It is good practice to register native routines and to disable symbol
search.
See ‘Writing portable packages’ in the ‘Writing R Extensions’ manual.
Flavors: r-devel-linux-x86_64-fedora-clang, r-devel-linux-x86_64-fedora-gcc