Last updated on 2024-04-23 10:54:03 CEST.
Flavor | Version | Tinstall | Tcheck | Ttotal | Status | Flags |
---|---|---|---|---|---|---|
r-devel-linux-x86_64-debian-clang | 0.8-5 | 4.43 | 34.70 | 39.13 | NOTE | |
r-devel-linux-x86_64-debian-gcc | 0.8-5 | 2.63 | 26.03 | 28.66 | NOTE | |
r-devel-linux-x86_64-fedora-clang | 0.8-5 | 48.71 | NOTE | |||
r-devel-linux-x86_64-fedora-gcc | 0.8-5 | 47.18 | NOTE | |||
r-prerel-macos-arm64 | 0.8-5 | 20.00 | NOTE | |||
r-prerel-windows-x86_64 | 0.8-5 | 5.00 | 52.00 | 57.00 | NOTE | |
r-patched-linux-x86_64 | 0.8-5 | 4.09 | 32.63 | 36.72 | NOTE | |
r-release-linux-x86_64 | 0.8-5 | 3.91 | 32.71 | 36.62 | NOTE | |
r-release-macos-arm64 | 0.8-5 | 20.00 | NOTE | |||
r-release-macos-x86_64 | 0.8-5 | 27.00 | NOTE | |||
r-release-windows-x86_64 | 0.8-5 | 5.00 | 52.00 | 57.00 | NOTE | |
r-oldrel-macos-arm64 | 0.8-5 | 21.00 | OK | |||
r-oldrel-windows-x86_64 | 0.8-5 | 5.00 | 55.00 | 60.00 | NOTE |
Version: 0.8-5
Check: package dependencies
Result: NOTE
Package suggested but not available for checking: ‘RandomFields’
Flavors: r-devel-linux-x86_64-debian-clang, r-devel-linux-x86_64-debian-gcc, r-devel-linux-x86_64-fedora-clang, r-devel-linux-x86_64-fedora-gcc, r-prerel-macos-arm64, r-prerel-windows-x86_64, r-patched-linux-x86_64, r-release-linux-x86_64, r-release-macos-arm64, r-release-macos-x86_64, r-release-windows-x86_64, r-oldrel-windows-x86_64