CRAN Package Check Results for Package fourierin

Last updated on 2022-06-24 11:52:08 CEST.

Flavor Version Tinstall Tcheck Ttotal Status Flags
r-devel-linux-x86_64-debian-clang 0.2.4 81.44 83.17 164.61 NOTE
r-devel-linux-x86_64-debian-gcc 0.2.4 73.74 54.45 128.19 NOTE
r-devel-linux-x86_64-fedora-clang 0.2.4 255.67 NOTE
r-devel-linux-x86_64-fedora-gcc 0.2.4 218.71 NOTE
r-devel-windows-x86_64 0.2.4 76.00 159.00 235.00 NOTE
r-patched-linux-x86_64 0.2.4 73.71 70.49 144.20 NOTE
r-release-linux-x86_64 0.2.4 78.55 70.70 149.25 NOTE
r-release-macos-arm64 0.2.4 55.00 NOTE
r-release-macos-x86_64 0.2.4 71.00 NOTE
r-release-windows-x86_64 0.2.4 83.00 161.00 244.00 NOTE
r-oldrel-macos-arm64 0.2.4 65.00 NOTE
r-oldrel-macos-x86_64 0.2.4 92.00 NOTE
r-oldrel-windows-ix86+x86_64 0.2.4 234.00 160.00 394.00 NOTE

Check Details

Version: 0.2.4
Check: LazyData
Result: NOTE
     'LazyData' is specified without a 'data' directory
Flavors: r-devel-linux-x86_64-debian-clang, r-devel-linux-x86_64-debian-gcc, r-devel-linux-x86_64-fedora-clang, r-devel-linux-x86_64-fedora-gcc, r-devel-windows-x86_64, r-patched-linux-x86_64, r-release-linux-x86_64, r-release-macos-arm64, r-release-macos-x86_64, r-release-windows-x86_64, r-oldrel-macos-arm64, r-oldrel-macos-x86_64, r-oldrel-windows-ix86+x86_64