CRAN Package Check Results for Package fossilbrush

Last updated on 2023-01-26 11:53:04 CET.

Flavor Version Tinstall Tcheck Ttotal Status Flags
r-devel-linux-x86_64-debian-clang 1.0.3 16.86 523.89 540.75 OK
r-devel-linux-x86_64-debian-gcc 1.0.3 15.49 401.48 416.97 OK
r-devel-linux-x86_64-fedora-clang 1.0.3 608.87 NOTE
r-devel-linux-x86_64-fedora-gcc 1.0.3 598.67 NOTE
r-devel-windows-x86_64 1.0.3 63.00 519.00 582.00 OK
r-patched-linux-x86_64 1.0.3 16.58 486.77 503.35 OK
r-release-linux-x86_64 1.0.3 17.71 479.18 496.89 OK
r-release-macos-arm64 1.0.3 164.00 NOTE
r-release-macos-x86_64 1.0.3 235.00 NOTE
r-release-windows-x86_64 1.0.3 50.00 556.00 606.00 OK
r-oldrel-macos-arm64 1.0.3 151.00 NOTE
r-oldrel-macos-x86_64 1.0.3 220.00 NOTE
r-oldrel-windows-ix86+x86_64 1.0.3 34.00 606.00 640.00 OK

Check Details

Version: 1.0.3
Check: data for non-ASCII characters
Result: NOTE
     Note: found 31 marked UTF-8 strings
Flavors: r-devel-linux-x86_64-fedora-clang, r-devel-linux-x86_64-fedora-gcc, r-release-macos-arm64, r-release-macos-x86_64, r-oldrel-macos-arm64, r-oldrel-macos-x86_64