CRAN Package Check Results for Package fossilbrush

Last updated on 2022-09-29 10:52:44 CEST.

Flavor Version Tinstall Tcheck Ttotal Status Flags
r-devel-linux-x86_64-debian-clang 1.0.3 18.47 522.82 541.29 OK
r-devel-linux-x86_64-debian-gcc 1.0.3 12.58 397.31 409.89 OK
r-devel-linux-x86_64-fedora-clang 1.0.3 626.71 NOTE
r-devel-linux-x86_64-fedora-gcc 1.0.3 625.30 NOTE
r-devel-windows-x86_64 1.0.3 65.00 525.00 590.00 OK
r-patched-linux-x86_64 1.0.3 19.88 490.99 510.87 OK
r-release-linux-x86_64 1.0.3 16.75 482.22 498.97 OK
r-release-macos-arm64 1.0.3 164.00 NOTE
r-release-macos-x86_64 1.0.3 235.00 NOTE
r-release-windows-x86_64 1.0.3 40.00 537.00 577.00 OK
r-oldrel-macos-arm64 1.0.3 151.00 NOTE
r-oldrel-macos-x86_64 1.0.3 220.00 NOTE
r-oldrel-windows-ix86+x86_64 1.0.3 33.00 588.00 621.00 OK

Check Details

Version: 1.0.3
Check: data for non-ASCII characters
Result: NOTE
     Note: found 31 marked UTF-8 strings
Flavors: r-devel-linux-x86_64-fedora-clang, r-devel-linux-x86_64-fedora-gcc, r-release-macos-arm64, r-release-macos-x86_64, r-oldrel-macos-arm64, r-oldrel-macos-x86_64