Last updated on 2022-06-25 10:53:03 CEST.
Flavor | Version | Tinstall | Tcheck | Ttotal | Status | Flags |
---|---|---|---|---|---|---|
r-devel-linux-x86_64-debian-clang | 1.7.1 | 3.89 | 30.67 | 34.56 | NOTE | |
r-devel-linux-x86_64-debian-gcc | 1.7.1 | 2.61 | 23.65 | 26.26 | NOTE | |
r-devel-linux-x86_64-fedora-clang | 1.7.1 | 51.98 | NOTE | |||
r-devel-linux-x86_64-fedora-gcc | 1.7.1 | 50.65 | NOTE | |||
r-devel-windows-x86_64 | 1.7.1 | 37.00 | 54.00 | 91.00 | NOTE | |
r-patched-linux-x86_64 | 1.7.1 | 4.41 | 29.82 | 34.23 | NOTE | |
r-release-linux-x86_64 | 1.7.1 | 3.74 | 29.55 | 33.29 | NOTE | |
r-release-macos-arm64 | 1.7.1 | 17.00 | NOTE | |||
r-release-macos-x86_64 | 1.7.1 | 24.00 | NOTE | |||
r-release-windows-x86_64 | 1.7.1 | 51.00 | 58.00 | 109.00 | NOTE | |
r-oldrel-macos-arm64 | 1.7.1 | 23.00 | NOTE | |||
r-oldrel-macos-x86_64 | 1.7.1 | 32.00 | NOTE | |||
r-oldrel-windows-ix86+x86_64 | 1.7.1 | 8.00 | 47.00 | 55.00 | NOTE |
Version: 1.7.1
Check: LazyData
Result: NOTE
'LazyData' is specified without a 'data' directory
Flavors: r-devel-linux-x86_64-debian-clang, r-devel-linux-x86_64-debian-gcc, r-devel-linux-x86_64-fedora-clang, r-devel-linux-x86_64-fedora-gcc, r-devel-windows-x86_64, r-patched-linux-x86_64, r-release-linux-x86_64, r-release-macos-arm64, r-release-macos-x86_64, r-release-windows-x86_64, r-oldrel-macos-arm64, r-oldrel-macos-x86_64, r-oldrel-windows-ix86+x86_64