Last updated on 2022-07-04 12:54:09 CEST.
Flavor | Version | Tinstall | Tcheck | Ttotal | Status | Flags |
---|---|---|---|---|---|---|
r-devel-linux-x86_64-debian-clang | 0.2.0 | 2.45 | 30.97 | 33.42 | NOTE | |
r-devel-linux-x86_64-debian-gcc | 0.2.0 | 1.91 | 23.63 | 25.54 | NOTE | |
r-devel-linux-x86_64-fedora-clang | 0.2.0 | 50.04 | NOTE | |||
r-devel-linux-x86_64-fedora-gcc | 0.2.0 | 49.05 | NOTE | |||
r-devel-windows-x86_64 | 0.2.0 | 15.00 | 54.00 | 69.00 | NOTE | |
r-patched-linux-x86_64 | 0.2.0 | 3.12 | 29.48 | 32.60 | NOTE | |
r-release-linux-x86_64 | 0.2.0 | 2.72 | 30.02 | 32.74 | NOTE | |
r-release-macos-arm64 | 0.2.0 | 17.00 | NOTE | |||
r-release-macos-x86_64 | 0.2.0 | 27.00 | NOTE | |||
r-release-windows-x86_64 | 0.2.0 | 16.00 | 55.00 | 71.00 | NOTE | |
r-oldrel-macos-arm64 | 0.2.0 | 19.00 | NOTE | |||
r-oldrel-macos-x86_64 | 0.2.0 | 29.00 | NOTE | |||
r-oldrel-windows-ix86+x86_64 | 0.2.0 | 6.00 | 46.00 | 52.00 | NOTE |
Version: 0.2.0
Check: LazyData
Result: NOTE
'LazyData' is specified without a 'data' directory
Flavors: r-devel-linux-x86_64-debian-clang, r-devel-linux-x86_64-debian-gcc, r-devel-linux-x86_64-fedora-clang, r-devel-linux-x86_64-fedora-gcc, r-devel-windows-x86_64, r-patched-linux-x86_64, r-release-linux-x86_64, r-release-macos-arm64, r-release-macos-x86_64, r-release-windows-x86_64, r-oldrel-macos-arm64, r-oldrel-macos-x86_64, r-oldrel-windows-ix86+x86_64