Last updated on 2022-06-27 11:50:43 CEST.
Flavor | Version | Tinstall | Tcheck | Ttotal | Status | Flags |
---|---|---|---|---|---|---|
r-devel-linux-x86_64-debian-clang | 0.6.2 | 7.62 | 64.88 | 72.50 | NOTE | |
r-devel-linux-x86_64-debian-gcc | 0.6.2 | 5.64 | 47.99 | 53.63 | NOTE | |
r-devel-linux-x86_64-fedora-clang | 0.6.2 | 94.38 | NOTE | |||
r-devel-linux-x86_64-fedora-gcc | 0.6.2 | 92.58 | NOTE | |||
r-devel-windows-x86_64 | 0.6.2 | 24.00 | 86.00 | 110.00 | NOTE | |
r-patched-linux-x86_64 | 0.6.2 | 4.65 | 60.93 | 65.58 | NOTE | |
r-release-linux-x86_64 | 0.6.2 | 5.00 | 61.55 | 66.55 | NOTE | |
r-release-macos-arm64 | 0.6.2 | 24.00 | NOTE | |||
r-release-macos-x86_64 | 0.6.2 | 51.00 | NOTE | |||
r-release-windows-x86_64 | 0.6.2 | 29.00 | 87.00 | 116.00 | NOTE | |
r-oldrel-macos-arm64 | 0.6.2 | 32.00 | NOTE | |||
r-oldrel-macos-x86_64 | 0.6.2 | 46.00 | NOTE | |||
r-oldrel-windows-ix86+x86_64 | 0.6.2 | 18.00 | 80.00 | 98.00 | NOTE |
Version: 0.6.2
Check: LazyData
Result: NOTE
'LazyData' is specified without a 'data' directory
Flavors: r-devel-linux-x86_64-debian-clang, r-devel-linux-x86_64-debian-gcc, r-devel-linux-x86_64-fedora-clang, r-devel-linux-x86_64-fedora-gcc, r-devel-windows-x86_64, r-patched-linux-x86_64, r-release-linux-x86_64, r-release-macos-arm64, r-release-macos-x86_64, r-release-windows-x86_64, r-oldrel-macos-arm64, r-oldrel-macos-x86_64, r-oldrel-windows-ix86+x86_64