CRAN Package Check Results for Package forestRK

Last updated on 2022-07-07 12:55:24 CEST.

Flavor Version Tinstall Tcheck Ttotal Status Flags
r-devel-linux-x86_64-debian-clang 0.0-5 12.89 153.25 166.14 OK
r-devel-linux-x86_64-debian-gcc 0.0-5 9.69 112.37 122.06 OK
r-devel-linux-x86_64-fedora-clang 0.0-5 200.94 NOTE
r-devel-linux-x86_64-fedora-gcc 0.0-5 200.81 NOTE
r-devel-windows-x86_64 0.0-5 31.00 173.00 204.00 OK
r-patched-linux-x86_64 0.0-5 10.85 143.33 154.18 OK
r-release-linux-x86_64 0.0-5 11.00 144.37 155.37 OK
r-release-macos-arm64 0.0-5 50.00 NOTE
r-release-macos-x86_64 0.0-5 108.00 NOTE
r-release-windows-x86_64 0.0-5 34.00 174.00 208.00 OK
r-oldrel-macos-arm64 0.0-5 58.00 NOTE
r-oldrel-macos-x86_64 0.0-5 107.00 NOTE
r-oldrel-windows-ix86+x86_64 0.0-5 30.00 173.00 203.00 OK

Check Details

Version: 0.0-5
Check: dependencies in R code
Result: NOTE
    Namespace in Imports field not imported from: ‘pkgKitten’
     All declared Imports should be used.
Flavors: r-devel-linux-x86_64-fedora-clang, r-devel-linux-x86_64-fedora-gcc, r-release-macos-arm64, r-release-macos-x86_64, r-oldrel-macos-arm64, r-oldrel-macos-x86_64