Last updated on 2024-03-28 09:51:43 CET.
Flavor | Version | Tinstall | Tcheck | Ttotal | Status | Flags |
---|---|---|---|---|---|---|
r-devel-linux-x86_64-debian-clang | 0.0-5 | 11.46 | 145.15 | 156.61 | OK | |
r-devel-linux-x86_64-debian-gcc | 0.0-5 | 9.05 | 109.55 | 118.60 | OK | |
r-devel-linux-x86_64-fedora-clang | 0.0-5 | 192.32 | NOTE | |||
r-devel-linux-x86_64-fedora-gcc | 0.0-5 | 201.19 | NOTE | |||
r-devel-windows-x86_64 | 0.0-5 | 13.00 | 118.00 | 131.00 | OK | |
r-patched-linux-x86_64 | 0.0-5 | 13.16 | 138.47 | 151.63 | OK | |
r-release-linux-x86_64 | 0.0-5 | 9.64 | 142.10 | 151.74 | OK | |
r-release-macos-arm64 | 0.0-5 | 61.00 | OK | |||
r-release-macos-x86_64 | 0.0-5 | 106.00 | OK | |||
r-release-windows-x86_64 | 0.0-5 | 15.00 | 146.00 | 161.00 | OK | |
r-oldrel-macos-arm64 | 0.0-5 | 50.00 | NOTE | |||
r-oldrel-windows-x86_64 | 0.0-5 | 18.00 | 155.00 | 173.00 | OK |
Version: 0.0-5
Check: dependencies in R code
Result: NOTE
Namespace in Imports field not imported from: ‘pkgKitten’
All declared Imports should be used.
Flavors: r-devel-linux-x86_64-fedora-clang, r-devel-linux-x86_64-fedora-gcc, r-oldrel-macos-arm64