CRAN Package Check Results for Package forecastML

Last updated on 2022-07-03 11:53:37 CEST.

Flavor Version Tinstall Tcheck Ttotal Status Flags
r-devel-linux-x86_64-debian-clang 0.9.0 13.05 549.67 562.72 OK
r-devel-linux-x86_64-debian-gcc 0.9.0 11.12 428.84 439.96 OK
r-devel-linux-x86_64-fedora-clang 0.9.0 642.57 NOTE
r-devel-linux-x86_64-fedora-gcc 0.9.0 658.66 NOTE
r-devel-windows-x86_64 0.9.0 66.00 454.00 520.00 OK
r-patched-linux-x86_64 0.9.0 13.81 516.21 530.02 OK
r-release-linux-x86_64 0.9.0 11.03 533.96 544.99 OK
r-release-macos-arm64 0.9.0 205.00 NOTE
r-release-macos-x86_64 0.9.0 383.00 NOTE
r-release-windows-x86_64 0.9.0 80.00 448.00 528.00 OK
r-oldrel-macos-arm64 0.9.0 512.00 NOTE
r-oldrel-macos-x86_64 0.9.0 274.00 NOTE
r-oldrel-windows-ix86+x86_64 0.9.0 26.00 482.00 508.00 OK

Check Details

Version: 0.9.0
Check: dependencies in R code
Result: NOTE
    Namespace in Imports field not imported from: ‘dtplyr’
     All declared Imports should be used.
Flavors: r-devel-linux-x86_64-fedora-clang, r-devel-linux-x86_64-fedora-gcc, r-release-macos-arm64, r-release-macos-x86_64, r-oldrel-macos-arm64, r-oldrel-macos-x86_64