Last updated on 2022-06-25 10:53:03 CEST.
Flavor | Version | Tinstall | Tcheck | Ttotal | Status | Flags |
---|---|---|---|---|---|---|
r-devel-linux-x86_64-debian-clang | 5.0.19 | 10.17 | 383.59 | 393.76 | NOTE | |
r-devel-linux-x86_64-debian-gcc | 5.0.19 | 6.41 | 263.73 | 270.14 | NOTE | |
r-devel-linux-x86_64-fedora-clang | 5.0.19 | 440.06 | NOTE | |||
r-devel-linux-x86_64-fedora-gcc | 5.0.19 | 448.27 | NOTE | |||
r-devel-windows-x86_64 | 5.0.19 | 35.00 | 450.00 | 485.00 | NOTE | |
r-patched-linux-x86_64 | 5.0.19 | 15.22 | 349.79 | 365.01 | NOTE | |
r-release-linux-x86_64 | 5.0.19 | 7.47 | 350.26 | 357.73 | NOTE | |
r-release-macos-arm64 | 5.0.19 | 101.00 | NOTE | |||
r-release-macos-x86_64 | 5.0.19 | 209.00 | NOTE | |||
r-release-windows-x86_64 | 5.0.19 | 79.00 | 452.00 | 531.00 | NOTE | |
r-oldrel-macos-arm64 | 5.0.19 | 137.00 | NOTE | |||
r-oldrel-macos-x86_64 | 5.0.19 | 175.00 | NOTE | |||
r-oldrel-windows-ix86+x86_64 | 5.0.19 | 23.00 | 487.00 | 510.00 | NOTE |
Version: 5.0.19
Check: LazyData
Result: NOTE
'LazyData' is specified without a 'data' directory
Flavors: r-devel-linux-x86_64-debian-clang, r-devel-linux-x86_64-debian-gcc, r-devel-linux-x86_64-fedora-clang, r-devel-linux-x86_64-fedora-gcc, r-devel-windows-x86_64, r-patched-linux-x86_64, r-release-linux-x86_64, r-release-macos-arm64, r-release-macos-x86_64, r-release-windows-x86_64, r-oldrel-macos-arm64, r-oldrel-macos-x86_64, r-oldrel-windows-ix86+x86_64