Last updated on 2022-05-24 11:50:05 CEST.
Flavor | Version | Tinstall | Tcheck | Ttotal | Status | Flags |
---|---|---|---|---|---|---|
r-devel-linux-x86_64-debian-clang | 1.5.2 | 2.23 | 64.21 | 66.44 | OK | |
r-devel-linux-x86_64-debian-gcc | 1.5.2 | 2.13 | 47.81 | 49.94 | OK | |
r-devel-linux-x86_64-fedora-clang | 1.5.2 | 76.76 | OK | |||
r-devel-linux-x86_64-fedora-gcc | 1.5.2 | 76.82 | OK | |||
r-devel-windows-x86_64 | 1.5.2 | 23.00 | 168.00 | 191.00 | NOTE | |
r-patched-linux-x86_64 | 1.5.2 | 2.70 | 59.92 | 62.62 | OK | |
r-release-linux-x86_64 | 1.5.2 | OK | ||||
r-release-macos-arm64 | 1.5.2 | 103.00 | OK | |||
r-release-macos-x86_64 | 1.5.2 | 114.00 | OK | |||
r-release-windows-x86_64 | 1.5.2 | 34.00 | 171.00 | 205.00 | NOTE | |
r-oldrel-macos-arm64 | 1.5.2 | 100.00 | OK | |||
r-oldrel-macos-x86_64 | 1.5.2 | 112.00 | OK | |||
r-oldrel-windows-ix86+x86_64 | 1.5.2 | 7.00 | 153.00 | 160.00 | NOTE |
Version: 1.5.2
Check: package dependencies
Result: NOTE
Package suggested but not available for checking: 'doMC'
Flavors: r-devel-windows-x86_64, r-release-windows-x86_64, r-oldrel-windows-ix86+x86_64