Last updated on 2022-07-04 12:54:09 CEST.
Flavor | Version | Tinstall | Tcheck | Ttotal | Status | Flags |
---|---|---|---|---|---|---|
r-devel-linux-x86_64-debian-clang | 1.0.0 | 44.31 | 272.05 | 316.36 | OK | |
r-devel-linux-x86_64-debian-gcc | 1.0.0 | 33.89 | 199.50 | 233.39 | OK | |
r-devel-linux-x86_64-fedora-clang | 1.0.0 | 392.98 | NOTE | |||
r-devel-linux-x86_64-fedora-gcc | 1.0.0 | 376.33 | NOTE | |||
r-devel-windows-x86_64 | 1.0.0 | 78.00 | 336.00 | 414.00 | OK | |
r-patched-linux-x86_64 | 1.0.0 | 38.43 | 260.21 | 298.64 | OK | |
r-release-linux-x86_64 | 1.0.0 | 37.19 | 269.74 | 306.93 | OK | |
r-release-macos-arm64 | 1.0.0 | 115.00 | NOTE | |||
r-release-macos-x86_64 | 1.0.0 | 222.00 | NOTE | |||
r-release-windows-x86_64 | 1.0.0 | 165.00 | 337.00 | 502.00 | OK | |
r-oldrel-macos-arm64 | 1.0.0 | 147.00 | NOTE | |||
r-oldrel-macos-x86_64 | 1.0.0 | 169.00 | NOTE | |||
r-oldrel-windows-ix86+x86_64 | 1.0.0 | 107.00 | 392.00 | 499.00 | NOTE |
Version: 1.0.0
Check: dependencies in R code
Result: NOTE
Namespace in Imports field not imported from: ‘RColorBrewer’
All declared Imports should be used.
Flavors: r-devel-linux-x86_64-fedora-clang, r-devel-linux-x86_64-fedora-gcc, r-release-macos-arm64, r-release-macos-x86_64, r-oldrel-macos-arm64, r-oldrel-macos-x86_64
Version: 1.0.0
Check: installed package size
Result: NOTE
installed size is 5.2Mb
sub-directories of 1Mb or more:
doc 1.9Mb
libs 2.0Mb
Flavor: r-oldrel-windows-ix86+x86_64