CRAN Package Check Results for Package forcats

Last updated on 2022-11-26 10:57:58 CET.

Flavor Version Tinstall Tcheck Ttotal Status Flags
r-devel-linux-x86_64-debian-clang 0.5.2 4.36 56.35 60.71 OK
r-devel-linux-x86_64-debian-gcc 0.5.2 3.58 41.67 45.25 OK
r-devel-linux-x86_64-fedora-clang 0.5.2 84.49 NOTE
r-devel-windows-x86_64 0.5.2 43.00 94.00 137.00 OK
r-patched-linux-x86_64 0.5.2 OK
r-release-linux-x86_64 0.5.2 4.09 53.24 57.33 OK
r-release-macos-arm64 0.5.2 28.00 NOTE
r-release-macos-x86_64 0.5.2 39.00 NOTE
r-release-windows-x86_64 0.5.2 35.00 90.00 125.00 OK
r-oldrel-macos-arm64 0.5.2 29.00 NOTE
r-oldrel-macos-x86_64 0.5.2 40.00 NOTE
r-oldrel-windows-ix86+x86_64 0.5.2 9.00 86.00 95.00 OK

Check Details

Version: 0.5.2
Check: dependencies in R code
Result: NOTE
    Namespace in Imports field not imported from: ‘withr’
     All declared Imports should be used.
Flavors: r-devel-linux-x86_64-fedora-clang, r-release-macos-arm64, r-release-macos-x86_64, r-oldrel-macos-arm64, r-oldrel-macos-x86_64